{"id":42,"date":"2023-05-23T09:14:59","date_gmt":"2023-05-23T09:14:59","guid":{"rendered":"http:\/\/math-in.net\/9imw\/?page_id=42"},"modified":"2023-06-14T08:45:23","modified_gmt":"2023-06-14T08:45:23","slug":"apresentacao","status":"publish","type":"page","link":"https:\/\/math-in.net\/9imw\/pt\/apresentacao\/","title":{"rendered":"Introdu\u00e7\u00e3o"},"content":{"rendered":"<h4><strong>Introdu\u00e7\u00e3o<\/strong><\/h4>\n<p>A IX Semana Ib\u00e9rica de Modela\u00e7\u00e3o realizar-se-\u00e1 em Palma (Maiorca, Ilhas Baleares), de 17 a 21 de Julho de 2023. \u00c9 um evento promovido em conjunto entre a Rede Portuguesa de Matem\u00e1tica para a Ind\u00fastria e Inova\u00e7\u00e3o, <span style=\"color: #0000ff;\"><strong><a style=\"color: #0000ff;\" href=\"https:\/\/www.spm.pt\/PT-MATHS-IN\/\">PT-MATHS-IN<\/a><\/strong><\/span>, e pela Rede Espanhola de Matem\u00e1tica e Ind\u00fastria, <span style=\"color: #0000ff;\"><strong><a style=\"color: #0000ff;\" href=\"http:\/\/math-in.net\/en\/math-in\/\">math-in<\/a><\/strong><\/span>.<\/p>\n<p>O encontro \u00e9 organizado localmente pelo <span style=\"color: #0000ff;\"><strong><a style=\"color: #0000ff;\" href=\"http:\/\/iac3.uib.cat\/\">IAC3<\/a> <\/strong><\/span>(Instituto de Computa\u00e7\u00e3o Aplicada e C\u00f3digo Comunit\u00e1rio).<\/p>\n<p>A Semana Ib\u00e9rica de Modela\u00e7\u00e3o \u00e9 um evento internacional anual, com a participa\u00e7\u00e3o de estudantes de mestrado, doutoramento e finalistas de licenciatura em Matem\u00e1tica, F\u00edsica e Engenharia, de diferentes nacionalidades e universidades, n\u00e3o s\u00f3 Portuguesas e Espanholas, que ocorre de forma alternada entre Portugal e Espanha, desde a sua primeira edi\u00e7\u00e3o em 2014, em Coimbra. A <span style=\"color: #0000ff;\"><strong><a style=\"color: #0000ff;\" href=\"https:\/\/www.spm.pt\/PT-MATHS-IN\/8imw\/english\/index.html\">\u00faltima edi\u00e7\u00e3o<\/a><\/strong><\/span> foi tamb\u00e9m na Universidade de Coimbra, de 25 a 29 de Julho de 2022.<\/p>\n<p>Esta IX Semana Ib\u00e9rica de Modela\u00e7\u00e3o destina-se sobretudo a alunos de doutoramento, mestrado e finalistas de licenciatura, com uma forte componente matem\u00e1tica, e pretende oferecer aos alunos a oportunidade de trabalharem problemas reais que se colocam em contexto industrial, id\u00eanticos aos que possam vir a encontrar no futuro, preparando-os para melhor atender o mercado de trabalho e serem capazes de responder \u00e0s suas exig\u00eancias.<\/p>\n<p>O cariz internacional do evento permite n\u00e3o s\u00f3 aproximar os alunos deste setor, mas tamb\u00e9m trocar experi\u00eancias entre alunos com diferentes forma\u00e7\u00f5es educacionais.<\/p>\n<p>A IX Semana Ib\u00e9rica de Modela\u00e7\u00e3o pretende ainda sensibilizar a ind\u00fastria para o valor acrescentado da matem\u00e1tica quando aplicada na resolu\u00e7\u00e3o de problemas reais das mais diversas \u00e1reas industriais.<\/p>\n","protected":false},"excerpt":{"rendered":"<p>Introdu\u00e7\u00e3o A IX Semana Ib\u00e9rica de Modela\u00e7\u00e3o realizar-se-\u00e1 em Palma [&hellip;]<\/p>\n","protected":false},"author":5,"featured_media":0,"parent":0,"menu_order":0,"comment_status":"closed","ping_status":"closed","template":"","meta":[],"yoast_head":"<!-- This site is optimized with the Yoast SEO plugin v19.0 - https:\/\/yoast.com\/wordpress\/plugins\/seo\/ -->\n<title>Introdu\u00e7\u00e3o - IX IBERIAN MODELLING WEEK<\/title>\n<meta name=\"robots\" content=\"index, follow, max-snippet:-1, max-image-preview:large, max-video-preview:-1\" \/>\n<link rel=\"canonical\" href=\"https:\/\/math-in.net\/9imw\/pt\/apresentacao\/\" \/>\n<meta property=\"og:locale\" content=\"es_ES\" \/>\n<meta property=\"og:type\" content=\"article\" \/>\n<meta property=\"og:title\" content=\"Introdu\u00e7\u00e3o - IX IBERIAN MODELLING WEEK\" \/>\n<meta property=\"og:description\" content=\"Introdu\u00e7\u00e3o A IX Semana Ib\u00e9rica de Modela\u00e7\u00e3o realizar-se-\u00e1 em Palma [&hellip;]\" \/>\n<meta property=\"og:url\" content=\"https:\/\/math-in.net\/9imw\/pt\/apresentacao\/\" \/>\n<meta property=\"og:site_name\" content=\"IX IBERIAN MODELLING WEEK\" \/>\n<meta property=\"article:modified_time\" content=\"2023-06-14T08:45:23+00:00\" \/>\n<meta name=\"twitter:card\" content=\"summary_large_image\" \/>\n<meta name=\"twitter:label1\" content=\"Tiempo de lectura\" \/>\n\t<meta name=\"twitter:data1\" content=\"2 minutos\" \/>\n<script type=\"application\/ld+json\" class=\"yoast-schema-graph\">{\"@context\":\"https:\/\/schema.org\",\"@graph\":[{\"@type\":\"WebSite\",\"@id\":\"https:\/\/math-in.net\/9imw\/#website\",\"url\":\"https:\/\/math-in.net\/9imw\/\",\"name\":\"IX IBERIAN MODELLING WEEK\",\"description\":\"Otro sitio m\u00e1s de math-in sitios\",\"potentialAction\":[{\"@type\":\"SearchAction\",\"target\":{\"@type\":\"EntryPoint\",\"urlTemplate\":\"https:\/\/math-in.net\/9imw\/?s={search_term_string}\"},\"query-input\":\"required name=search_term_string\"}],\"inLanguage\":\"es\"},{\"@type\":\"WebPage\",\"@id\":\"https:\/\/math-in.net\/9imw\/pt\/apresentacao\/#webpage\",\"url\":\"https:\/\/math-in.net\/9imw\/pt\/apresentacao\/\",\"name\":\"Introdu\u00e7\u00e3o - IX IBERIAN MODELLING WEEK\",\"isPartOf\":{\"@id\":\"https:\/\/math-in.net\/9imw\/#website\"},\"datePublished\":\"2023-05-23T09:14:59+00:00\",\"dateModified\":\"2023-06-14T08:45:23+00:00\",\"breadcrumb\":{\"@id\":\"https:\/\/math-in.net\/9imw\/pt\/apresentacao\/#breadcrumb\"},\"inLanguage\":\"es\",\"potentialAction\":[{\"@type\":\"ReadAction\",\"target\":[\"https:\/\/math-in.net\/9imw\/pt\/apresentacao\/\"]}]},{\"@type\":\"BreadcrumbList\",\"@id\":\"https:\/\/math-in.net\/9imw\/pt\/apresentacao\/#breadcrumb\",\"itemListElement\":[{\"@type\":\"ListItem\",\"position\":1,\"name\":\"Portada\",\"item\":\"https:\/\/math-in.net\/9imw\/\"},{\"@type\":\"ListItem\",\"position\":2,\"name\":\"Introdu\u00e7\u00e3o\"}]}]}<\/script>\n<!-- \/ Yoast SEO plugin. -->","yoast_head_json":{"title":"Introdu\u00e7\u00e3o - IX IBERIAN MODELLING WEEK","robots":{"index":"index","follow":"follow","max-snippet":"max-snippet:-1","max-image-preview":"max-image-preview:large","max-video-preview":"max-video-preview:-1"},"canonical":"https:\/\/math-in.net\/9imw\/pt\/apresentacao\/","og_locale":"es_ES","og_type":"article","og_title":"Introdu\u00e7\u00e3o - IX IBERIAN MODELLING WEEK","og_description":"Introdu\u00e7\u00e3o A IX Semana Ib\u00e9rica de Modela\u00e7\u00e3o realizar-se-\u00e1 em Palma [&hellip;]","og_url":"https:\/\/math-in.net\/9imw\/pt\/apresentacao\/","og_site_name":"IX IBERIAN MODELLING WEEK","article_modified_time":"2023-06-14T08:45:23+00:00","twitter_card":"summary_large_image","twitter_misc":{"Tiempo de lectura":"2 minutos"},"schema":{"@context":"https:\/\/schema.org","@graph":[{"@type":"WebSite","@id":"https:\/\/math-in.net\/9imw\/#website","url":"https:\/\/math-in.net\/9imw\/","name":"IX IBERIAN MODELLING WEEK","description":"Otro sitio m\u00e1s de math-in sitios","potentialAction":[{"@type":"SearchAction","target":{"@type":"EntryPoint","urlTemplate":"https:\/\/math-in.net\/9imw\/?s={search_term_string}"},"query-input":"required name=search_term_string"}],"inLanguage":"es"},{"@type":"WebPage","@id":"https:\/\/math-in.net\/9imw\/pt\/apresentacao\/#webpage","url":"https:\/\/math-in.net\/9imw\/pt\/apresentacao\/","name":"Introdu\u00e7\u00e3o - IX IBERIAN MODELLING WEEK","isPartOf":{"@id":"https:\/\/math-in.net\/9imw\/#website"},"datePublished":"2023-05-23T09:14:59+00:00","dateModified":"2023-06-14T08:45:23+00:00","breadcrumb":{"@id":"https:\/\/math-in.net\/9imw\/pt\/apresentacao\/#breadcrumb"},"inLanguage":"es","potentialAction":[{"@type":"ReadAction","target":["https:\/\/math-in.net\/9imw\/pt\/apresentacao\/"]}]},{"@type":"BreadcrumbList","@id":"https:\/\/math-in.net\/9imw\/pt\/apresentacao\/#breadcrumb","itemListElement":[{"@type":"ListItem","position":1,"name":"Portada","item":"https:\/\/math-in.net\/9imw\/"},{"@type":"ListItem","position":2,"name":"Introdu\u00e7\u00e3o"}]}]}},"_links":{"self":[{"href":"https:\/\/math-in.net\/9imw\/wp-json\/wp\/v2\/pages\/42"}],"collection":[{"href":"https:\/\/math-in.net\/9imw\/wp-json\/wp\/v2\/pages"}],"about":[{"href":"https:\/\/math-in.net\/9imw\/wp-json\/wp\/v2\/types\/page"}],"author":[{"embeddable":true,"href":"https:\/\/math-in.net\/9imw\/wp-json\/wp\/v2\/users\/5"}],"replies":[{"embeddable":true,"href":"https:\/\/math-in.net\/9imw\/wp-json\/wp\/v2\/comments?post=42"}],"version-history":[{"count":9,"href":"https:\/\/math-in.net\/9imw\/wp-json\/wp\/v2\/pages\/42\/revisions"}],"predecessor-version":[{"id":413,"href":"https:\/\/math-in.net\/9imw\/wp-json\/wp\/v2\/pages\/42\/revisions\/413"}],"wp:attachment":[{"href":"https:\/\/math-in.net\/9imw\/wp-json\/wp\/v2\/media?parent=42"}],"curies":[{"name":"wp","href":"https:\/\/api.w.org\/{rel}","templated":true}]}}

Introdução

<h4><strong>Introdução</strong></h4>
<p>A IX Semana Ibérica de Modelação realizar-se-á em Palma (Maiorca, Ilhas Baleares), de 17 a 21 de Julho de 2023. É um evento promovido em conjunto entre a Rede Portuguesa de Matemática para a Indústria e Inovação, <span style="color: #0000ff;"><strong><a style="color: #0000ff;" href="https://www.spm.pt/PT-MATHS-IN/">PT-MATHS-IN</a></strong></span>, e pela Rede Espanhola de Matemática e Indústria, <span style="color: #0000ff;"><strong><a style="color: #0000ff;" href="http://math-in.net/en/math-in/">math-in</a></strong></span>.</p>
<p>O encontro é organizado localmente pelo <span style="color: #0000ff;"><strong><a style="color: #0000ff;" href="http://iac3.uib.cat/">IAC3</a> </strong></span>(Instituto de Computação Aplicada e Código Comunitário).</p>
<p>A Semana Ibérica de Modelação é um evento internacional anual, com a participação de estudantes de mestrado, doutoramento e finalistas de licenciatura em Matemática, Física e Engenharia, de diferentes nacionalidades e universidades, não só Portuguesas e Espanholas, que ocorre de forma alternada entre Portugal e Espanha, desde a sua primeira edição em 2014, em Coimbra. A <span style="color: #0000ff;"><strong><a style="color: #0000ff;" href="https://www.spm.pt/PT-MATHS-IN/8imw/english/index.html">última edição</a></strong></span> foi também na Universidade de Coimbra, de 25 a 29 de Julho de 2022.</p>
<p>Esta IX Semana Ibérica de Modelação destina-se sobretudo a alunos de doutoramento, mestrado e finalistas de licenciatura, com uma forte componente matemática, e pretende oferecer aos alunos a oportunidade de trabalharem problemas reais que se colocam em contexto industrial, idênticos aos que possam vir a encontrar no futuro, preparando-os para melhor atender o mercado de trabalho e serem capazes de responder às suas exigências.</p>
<p>O cariz internacional do evento permite não só aproximar os alunos deste setor, mas também trocar experiências entre alunos com diferentes formações educacionais.</p>
<p>A IX Semana Ibérica de Modelação pretende ainda sensibilizar a indústria para o valor acrescentado da matemática quando aplicada na resolução de problemas reais das mais diversas áreas industriais.</p>

<p>Introdução A IX Semana Ibérica de Modelação realizar-se-á em Palma [&hellip;]</p>

<!-- This site is optimized with the Yoast SEO plugin v19.0 - https://yoast.com/wordpress/plugins/seo/ -->
<title>Introdução - IX IBERIAN MODELLING WEEK</title>
<meta name="robots" content="index, follow, max-snippet:-1, max-image-preview:large, max-video-preview:-1" />
<link rel="canonical" href="https://math-in.net/9imw/pt/apresentacao/" />
<meta property="og:locale" content="es_ES" />
<meta property="og:type" content="article" />
<meta property="og:title" content="Introdução - IX IBERIAN MODELLING WEEK" />
<meta property="og:description" content="Introdução A IX Semana Ibérica de Modelação realizar-se-á em Palma [&hellip;]" />
<meta property="og:url" content="https://math-in.net/9imw/pt/apresentacao/" />
<meta property="og:site_name" content="IX IBERIAN MODELLING WEEK" />
<meta property="article:modified_time" content="2023-06-14T08:45:23+00:00" />
<meta name="twitter:card" content="summary_large_image" />
<meta name="twitter:label1" content="Tiempo de lectura" />
	<meta name="twitter:data1" content="2 minutos" />
<script type="application/ld+json" class="yoast-schema-graph">{"@context":"https://schema.org","@graph":[{"@type":"WebSite","@id":"https://math-in.net/9imw/#website","url":"https://math-in.net/9imw/","name":"IX IBERIAN MODELLING WEEK","description":"Otro sitio más de math-in sitios","potentialAction":[{"@type":"SearchAction","target":{"@type":"EntryPoint","urlTemplate":"https://math-in.net/9imw/?s={search_term_string}"},"query-input":"required name=search_term_string"}],"inLanguage":"es"},{"@type":"WebPage","@id":"https://math-in.net/9imw/pt/apresentacao/#webpage","url":"https://math-in.net/9imw/pt/apresentacao/","name":"Introdução - IX IBERIAN MODELLING WEEK","isPartOf":{"@id":"https://math-in.net/9imw/#website"},"datePublished":"2023-05-23T09:14:59+00:00","dateModified":"2023-06-14T08:45:23+00:00","breadcrumb":{"@id":"https://math-in.net/9imw/pt/apresentacao/#breadcrumb"},"inLanguage":"es","potentialAction":[{"@type":"ReadAction","target":["https://math-in.net/9imw/pt/apresentacao/"]}]},{"@type":"BreadcrumbList","@id":"https://math-in.net/9imw/pt/apresentacao/#breadcrumb","itemListElement":[{"@type":"ListItem","position":1,"name":"Portada","item":"https://math-in.net/9imw/"},{"@type":"ListItem","position":2,"name":"Introdução"}]}]}</script>
<!-- / Yoast SEO plugin. -->

Introdução - IX IBERIAN MODELLING WEEK

Introdução A IX Semana Ibérica de Modelação realizar-se-á em Palma [&hellip;]

Otro sitio más de math-in sitios
