{"id":356,"date":"2023-06-13T07:32:17","date_gmt":"2023-06-13T07:32:17","guid":{"rendered":"http:\/\/math-in.net\/9imw\/?page_id=356"},"modified":"2023-06-14T09:21:56","modified_gmt":"2023-06-14T09:21:56","slug":"problema-3-2","status":"publish","type":"page","link":"https:\/\/math-in.net\/9imw\/pt\/problema-3-2\/","title":{"rendered":"Problema 3"},"content":{"rendered":"<h4>Problema 3<\/h4>\n<p><img class=\"alignnone size-medium wp-image-255\" src=\"http:\/\/math-in.net\/9imw\/wp-content\/uploads\/sites\/17\/2023\/05\/IMUS-1-300x43.png\" alt=\"\" width=\"300\" height=\"43\" srcset=\"https:\/\/math-in.net\/9imw\/wp-content\/uploads\/sites\/17\/2023\/05\/IMUS-1-200x29.png 200w, https:\/\/math-in.net\/9imw\/wp-content\/uploads\/sites\/17\/2023\/05\/IMUS-1-300x43.png 300w, https:\/\/math-in.net\/9imw\/wp-content\/uploads\/sites\/17\/2023\/05\/IMUS-1-400x57.png 400w, https:\/\/math-in.net\/9imw\/wp-content\/uploads\/sites\/17\/2023\/05\/IMUS-1-600x86.png 600w, https:\/\/math-in.net\/9imw\/wp-content\/uploads\/sites\/17\/2023\/05\/IMUS-1-768x110.png 768w, https:\/\/math-in.net\/9imw\/wp-content\/uploads\/sites\/17\/2023\/05\/IMUS-1-800x114.png 800w, https:\/\/math-in.net\/9imw\/wp-content\/uploads\/sites\/17\/2023\/05\/IMUS-1-1024x146.png 1024w, https:\/\/math-in.net\/9imw\/wp-content\/uploads\/sites\/17\/2023\/05\/IMUS-1-1200x171.png 1200w, https:\/\/math-in.net\/9imw\/wp-content\/uploads\/sites\/17\/2023\/05\/IMUS-1-1536x219.png 1536w, https:\/\/math-in.net\/9imw\/wp-content\/uploads\/sites\/17\/2023\/05\/IMUS-1.png 2208w\" sizes=\"(max-width: 300px) 100vw, 300px\" \/><\/p>\n<p><strong>T\u00edtulo do Desafio:<\/strong> Diversidade na An\u00e1lise de Clusters.<\/p>\n<p><strong>Breve descri\u00e7\u00e3o do desafio:<\/strong><\/p>\n<p>Na An\u00e1lise de Clusters, dado um conjunto de dados X e uma matriz de dist\u00e2ncias em X, procura-se uma parti\u00e7\u00e3o de X em p subconjuntos, de tal forma que os elementos do mesmo grupo fiquem pr\u00f3ximos uns dos outros (e os elementos de subconjuntos diferentes fiquem distantes uns dos outros). Ao mesmo tempo, um representante de cada grupo \u00e9 escolhido.<\/p>\n<p>Suponhamos um problema em que a equidade \u00e9 considerada: temos uma ou v\u00e1rias caracter\u00edsticas categ\u00f3ricas (no caso mais simples, uma vari\u00e1vel bin\u00e1ria), identificando quest\u00f5es sens\u00edveis (e.g. ra\u00e7a, g\u00e9nero, nacionalidade, etc.). Os prot\u00f3tipos selecionados podem n\u00e3o ser diversificados o suficiente em termos de tais caracter\u00edsticas.<\/p>\n<p>O desafio \u00e9 modelar o problema incorporando um crit\u00e9rio de diversidade para os representantes escolhidos. Um modelo de otimiza\u00e7\u00e3o matem\u00e1tica ser\u00e1 desenvolvido e um algoritmo ser\u00e1 desenhado e implementado para enfrentar o desafio.<\/p>\n<p>&nbsp;<\/p>\n<p><strong>Conhecimentos de matem\u00e1tica |<\/strong> Os estudantes necessitam de ter conhecimentos b\u00e1sicos de alguma linguagem de programa\u00e7\u00e3o, estat\u00edstica b\u00e1sica e\/ou an\u00e1lise de dados.<\/p>\n<p><strong>Coordenador |<\/strong>\u00a0Emilio Carrizosa, Departamento de Estat\u00edstica e Investiga\u00e7\u00e3o Operacional da Universidade de Sevilha, Espanha.<\/p>\n","protected":false},"excerpt":{"rendered":"<p>Problema 3 T\u00edtulo do Desafio: Diversidade na An\u00e1lise de Clusters. [&hellip;]<\/p>\n","protected":false},"author":5,"featured_media":0,"parent":0,"menu_order":0,"comment_status":"closed","ping_status":"closed","template":"","meta":[],"yoast_head":"<!-- This site is optimized with the Yoast SEO plugin v19.0 - https:\/\/yoast.com\/wordpress\/plugins\/seo\/ -->\n<title>Problema 3 - IX IBERIAN MODELLING WEEK<\/title>\n<meta name=\"robots\" content=\"index, follow, max-snippet:-1, max-image-preview:large, max-video-preview:-1\" \/>\n<link rel=\"canonical\" href=\"https:\/\/math-in.net\/9imw\/pt\/problema-3-2\/\" \/>\n<meta property=\"og:locale\" content=\"es_ES\" \/>\n<meta property=\"og:type\" content=\"article\" \/>\n<meta property=\"og:title\" content=\"Problema 3 - IX IBERIAN MODELLING WEEK\" \/>\n<meta property=\"og:description\" content=\"Problema 3 T\u00edtulo do Desafio: Diversidade na An\u00e1lise de Clusters. [&hellip;]\" \/>\n<meta property=\"og:url\" content=\"https:\/\/math-in.net\/9imw\/pt\/problema-3-2\/\" \/>\n<meta property=\"og:site_name\" content=\"IX IBERIAN MODELLING WEEK\" \/>\n<meta property=\"article:modified_time\" content=\"2023-06-14T09:21:56+00:00\" \/>\n<meta property=\"og:image\" content=\"http:\/\/math-in.net\/9imw\/wp-content\/uploads\/sites\/17\/2023\/05\/IMUS-1-300x43.png\" \/>\n<meta name=\"twitter:card\" content=\"summary_large_image\" \/>\n<meta name=\"twitter:label1\" content=\"Tiempo de lectura\" \/>\n\t<meta name=\"twitter:data1\" content=\"2 minutos\" \/>\n<script type=\"application\/ld+json\" class=\"yoast-schema-graph\">{\"@context\":\"https:\/\/schema.org\",\"@graph\":[{\"@type\":\"WebSite\",\"@id\":\"https:\/\/math-in.net\/9imw\/#website\",\"url\":\"https:\/\/math-in.net\/9imw\/\",\"name\":\"IX IBERIAN MODELLING WEEK\",\"description\":\"Otro sitio m\u00e1s de math-in sitios\",\"potentialAction\":[{\"@type\":\"SearchAction\",\"target\":{\"@type\":\"EntryPoint\",\"urlTemplate\":\"https:\/\/math-in.net\/9imw\/?s={search_term_string}\"},\"query-input\":\"required name=search_term_string\"}],\"inLanguage\":\"es\"},{\"@type\":\"ImageObject\",\"inLanguage\":\"es\",\"@id\":\"https:\/\/math-in.net\/9imw\/pt\/problema-3-2\/#primaryimage\",\"url\":\"https:\/\/math-in.net\/9imw\/wp-content\/uploads\/sites\/17\/2023\/05\/IMUS-1.png\",\"contentUrl\":\"https:\/\/math-in.net\/9imw\/wp-content\/uploads\/sites\/17\/2023\/05\/IMUS-1.png\",\"width\":2208,\"height\":315},{\"@type\":\"WebPage\",\"@id\":\"https:\/\/math-in.net\/9imw\/pt\/problema-3-2\/#webpage\",\"url\":\"https:\/\/math-in.net\/9imw\/pt\/problema-3-2\/\",\"name\":\"Problema 3 - IX IBERIAN MODELLING WEEK\",\"isPartOf\":{\"@id\":\"https:\/\/math-in.net\/9imw\/#website\"},\"primaryImageOfPage\":{\"@id\":\"https:\/\/math-in.net\/9imw\/pt\/problema-3-2\/#primaryimage\"},\"datePublished\":\"2023-06-13T07:32:17+00:00\",\"dateModified\":\"2023-06-14T09:21:56+00:00\",\"breadcrumb\":{\"@id\":\"https:\/\/math-in.net\/9imw\/pt\/problema-3-2\/#breadcrumb\"},\"inLanguage\":\"es\",\"potentialAction\":[{\"@type\":\"ReadAction\",\"target\":[\"https:\/\/math-in.net\/9imw\/pt\/problema-3-2\/\"]}]},{\"@type\":\"BreadcrumbList\",\"@id\":\"https:\/\/math-in.net\/9imw\/pt\/problema-3-2\/#breadcrumb\",\"itemListElement\":[{\"@type\":\"ListItem\",\"position\":1,\"name\":\"Portada\",\"item\":\"https:\/\/math-in.net\/9imw\/\"},{\"@type\":\"ListItem\",\"position\":2,\"name\":\"Problema 3\"}]}]}<\/script>\n<!-- \/ Yoast SEO plugin. -->","yoast_head_json":{"title":"Problema 3 - IX IBERIAN MODELLING WEEK","robots":{"index":"index","follow":"follow","max-snippet":"max-snippet:-1","max-image-preview":"max-image-preview:large","max-video-preview":"max-video-preview:-1"},"canonical":"https:\/\/math-in.net\/9imw\/pt\/problema-3-2\/","og_locale":"es_ES","og_type":"article","og_title":"Problema 3 - IX IBERIAN MODELLING WEEK","og_description":"Problema 3 T\u00edtulo do Desafio: Diversidade na An\u00e1lise de Clusters. [&hellip;]","og_url":"https:\/\/math-in.net\/9imw\/pt\/problema-3-2\/","og_site_name":"IX IBERIAN MODELLING WEEK","article_modified_time":"2023-06-14T09:21:56+00:00","og_image":[{"url":"http:\/\/math-in.net\/9imw\/wp-content\/uploads\/sites\/17\/2023\/05\/IMUS-1-300x43.png"}],"twitter_card":"summary_large_image","twitter_misc":{"Tiempo de lectura":"2 minutos"},"schema":{"@context":"https:\/\/schema.org","@graph":[{"@type":"WebSite","@id":"https:\/\/math-in.net\/9imw\/#website","url":"https:\/\/math-in.net\/9imw\/","name":"IX IBERIAN MODELLING WEEK","description":"Otro sitio m\u00e1s de math-in sitios","potentialAction":[{"@type":"SearchAction","target":{"@type":"EntryPoint","urlTemplate":"https:\/\/math-in.net\/9imw\/?s={search_term_string}"},"query-input":"required name=search_term_string"}],"inLanguage":"es"},{"@type":"ImageObject","inLanguage":"es","@id":"https:\/\/math-in.net\/9imw\/pt\/problema-3-2\/#primaryimage","url":"https:\/\/math-in.net\/9imw\/wp-content\/uploads\/sites\/17\/2023\/05\/IMUS-1.png","contentUrl":"https:\/\/math-in.net\/9imw\/wp-content\/uploads\/sites\/17\/2023\/05\/IMUS-1.png","width":2208,"height":315},{"@type":"WebPage","@id":"https:\/\/math-in.net\/9imw\/pt\/problema-3-2\/#webpage","url":"https:\/\/math-in.net\/9imw\/pt\/problema-3-2\/","name":"Problema 3 - IX IBERIAN MODELLING WEEK","isPartOf":{"@id":"https:\/\/math-in.net\/9imw\/#website"},"primaryImageOfPage":{"@id":"https:\/\/math-in.net\/9imw\/pt\/problema-3-2\/#primaryimage"},"datePublished":"2023-06-13T07:32:17+00:00","dateModified":"2023-06-14T09:21:56+00:00","breadcrumb":{"@id":"https:\/\/math-in.net\/9imw\/pt\/problema-3-2\/#breadcrumb"},"inLanguage":"es","potentialAction":[{"@type":"ReadAction","target":["https:\/\/math-in.net\/9imw\/pt\/problema-3-2\/"]}]},{"@type":"BreadcrumbList","@id":"https:\/\/math-in.net\/9imw\/pt\/problema-3-2\/#breadcrumb","itemListElement":[{"@type":"ListItem","position":1,"name":"Portada","item":"https:\/\/math-in.net\/9imw\/"},{"@type":"ListItem","position":2,"name":"Problema 3"}]}]}},"_links":{"self":[{"href":"https:\/\/math-in.net\/9imw\/wp-json\/wp\/v2\/pages\/356"}],"collection":[{"href":"https:\/\/math-in.net\/9imw\/wp-json\/wp\/v2\/pages"}],"about":[{"href":"https:\/\/math-in.net\/9imw\/wp-json\/wp\/v2\/types\/page"}],"author":[{"embeddable":true,"href":"https:\/\/math-in.net\/9imw\/wp-json\/wp\/v2\/users\/5"}],"replies":[{"embeddable":true,"href":"https:\/\/math-in.net\/9imw\/wp-json\/wp\/v2\/comments?post=356"}],"version-history":[{"count":3,"href":"https:\/\/math-in.net\/9imw\/wp-json\/wp\/v2\/pages\/356\/revisions"}],"predecessor-version":[{"id":427,"href":"https:\/\/math-in.net\/9imw\/wp-json\/wp\/v2\/pages\/356\/revisions\/427"}],"wp:attachment":[{"href":"https:\/\/math-in.net\/9imw\/wp-json\/wp\/v2\/media?parent=356"}],"curies":[{"name":"wp","href":"https:\/\/api.w.org\/{rel}","templated":true}]}}

<h4>Problema 3</h4>
<p><img class="alignnone size-medium wp-image-255" src="http://math-in.net/9imw/wp-content/uploads/sites/17/2023/05/IMUS-1-300x43.png" alt="" width="300" height="43" srcset="https://math-in.net/9imw/wp-content/uploads/sites/17/2023/05/IMUS-1-200x29.png 200w, https://math-in.net/9imw/wp-content/uploads/sites/17/2023/05/IMUS-1-300x43.png 300w, https://math-in.net/9imw/wp-content/uploads/sites/17/2023/05/IMUS-1-400x57.png 400w, https://math-in.net/9imw/wp-content/uploads/sites/17/2023/05/IMUS-1-600x86.png 600w, https://math-in.net/9imw/wp-content/uploads/sites/17/2023/05/IMUS-1-768x110.png 768w, https://math-in.net/9imw/wp-content/uploads/sites/17/2023/05/IMUS-1-800x114.png 800w, https://math-in.net/9imw/wp-content/uploads/sites/17/2023/05/IMUS-1-1024x146.png 1024w, https://math-in.net/9imw/wp-content/uploads/sites/17/2023/05/IMUS-1-1200x171.png 1200w, https://math-in.net/9imw/wp-content/uploads/sites/17/2023/05/IMUS-1-1536x219.png 1536w, https://math-in.net/9imw/wp-content/uploads/sites/17/2023/05/IMUS-1.png 2208w" sizes="(max-width: 300px) 100vw, 300px" /></p>
<p><strong>Título do Desafio:</strong> Diversidade na Análise de Clusters.</p>
<p><strong>Breve descrição do desafio:</strong></p>
<p>Na Análise de Clusters, dado um conjunto de dados X e uma matriz de distâncias em X, procura-se uma partição de X em p subconjuntos, de tal forma que os elementos do mesmo grupo fiquem próximos uns dos outros (e os elementos de subconjuntos diferentes fiquem distantes uns dos outros). Ao mesmo tempo, um representante de cada grupo é escolhido.</p>
<p>Suponhamos um problema em que a equidade é considerada: temos uma ou várias características categóricas (no caso mais simples, uma variável binária), identificando questões sensíveis (e.g. raça, género, nacionalidade, etc.). Os protótipos selecionados podem não ser diversificados o suficiente em termos de tais características.</p>
<p>O desafio é modelar o problema incorporando um critério de diversidade para os representantes escolhidos. Um modelo de otimização matemática será desenvolvido e um algoritmo será desenhado e implementado para enfrentar o desafio.</p>
<p>&nbsp;</p>
<p><strong>Conhecimentos de matemática |</strong> Os estudantes necessitam de ter conhecimentos básicos de alguma linguagem de programação, estatística básica e/ou análise de dados.</p>
<p><strong>Coordenador |</strong> Emilio Carrizosa, Departamento de Estatística e Investigação Operacional da Universidade de Sevilha, Espanha.</p>

<p>Problema 3 Título do Desafio: Diversidade na Análise de Clusters. [&hellip;]</p>

<!-- This site is optimized with the Yoast SEO plugin v19.0 - https://yoast.com/wordpress/plugins/seo/ -->
<title>Problema 3 - IX IBERIAN MODELLING WEEK</title>
<meta name="robots" content="index, follow, max-snippet:-1, max-image-preview:large, max-video-preview:-1" />
<link rel="canonical" href="https://math-in.net/9imw/pt/problema-3-2/" />
<meta property="og:locale" content="es_ES" />
<meta property="og:type" content="article" />
<meta property="og:title" content="Problema 3 - IX IBERIAN MODELLING WEEK" />
<meta property="og:description" content="Problema 3 Título do Desafio: Diversidade na Análise de Clusters. [&hellip;]" />
<meta property="og:url" content="https://math-in.net/9imw/pt/problema-3-2/" />
<meta property="og:site_name" content="IX IBERIAN MODELLING WEEK" />
<meta property="article:modified_time" content="2023-06-14T09:21:56+00:00" />
<meta property="og:image" content="http://math-in.net/9imw/wp-content/uploads/sites/17/2023/05/IMUS-1-300x43.png" />
<meta name="twitter:card" content="summary_large_image" />
<meta name="twitter:label1" content="Tiempo de lectura" />
	<meta name="twitter:data1" content="2 minutos" />
<script type="application/ld+json" class="yoast-schema-graph">{"@context":"https://schema.org","@graph":[{"@type":"WebSite","@id":"https://math-in.net/9imw/#website","url":"https://math-in.net/9imw/","name":"IX IBERIAN MODELLING WEEK","description":"Otro sitio más de math-in sitios","potentialAction":[{"@type":"SearchAction","target":{"@type":"EntryPoint","urlTemplate":"https://math-in.net/9imw/?s={search_term_string}"},"query-input":"required name=search_term_string"}],"inLanguage":"es"},{"@type":"ImageObject","inLanguage":"es","@id":"https://math-in.net/9imw/pt/problema-3-2/#primaryimage","url":"https://math-in.net/9imw/wp-content/uploads/sites/17/2023/05/IMUS-1.png","contentUrl":"https://math-in.net/9imw/wp-content/uploads/sites/17/2023/05/IMUS-1.png","width":2208,"height":315},{"@type":"WebPage","@id":"https://math-in.net/9imw/pt/problema-3-2/#webpage","url":"https://math-in.net/9imw/pt/problema-3-2/","name":"Problema 3 - IX IBERIAN MODELLING WEEK","isPartOf":{"@id":"https://math-in.net/9imw/#website"},"primaryImageOfPage":{"@id":"https://math-in.net/9imw/pt/problema-3-2/#primaryimage"},"datePublished":"2023-06-13T07:32:17+00:00","dateModified":"2023-06-14T09:21:56+00:00","breadcrumb":{"@id":"https://math-in.net/9imw/pt/problema-3-2/#breadcrumb"},"inLanguage":"es","potentialAction":[{"@type":"ReadAction","target":["https://math-in.net/9imw/pt/problema-3-2/"]}]},{"@type":"BreadcrumbList","@id":"https://math-in.net/9imw/pt/problema-3-2/#breadcrumb","itemListElement":[{"@type":"ListItem","position":1,"name":"Portada","item":"https://math-in.net/9imw/"},{"@type":"ListItem","position":2,"name":"Problema 3"}]}]}</script>
<!-- / Yoast SEO plugin. -->

Problema 3 Título do Desafio: Diversidade na Análise de Clusters. [&hellip;]

Otro sitio más de math-in sitios
