{"id":173,"date":"2023-05-25T09:35:30","date_gmt":"2023-05-25T09:35:30","guid":{"rendered":"http:\/\/math-in.net\/9imw\/?page_id=173"},"modified":"2023-06-14T09:18:19","modified_gmt":"2023-06-14T09:18:19","slug":"problema-2-2","status":"publish","type":"page","link":"https:\/\/math-in.net\/9imw\/pt\/problema-2-2\/","title":{"rendered":"Problema 2"},"content":{"rendered":"<h4>Problema 2<\/h4>\n<p><strong> <img class=\"alignnone size-full wp-image-250\" src=\"http:\/\/math-in.net\/9imw\/wp-content\/uploads\/sites\/17\/2023\/05\/CMUC-1.png\" alt=\"\" width=\"217\" height=\"89\" srcset=\"https:\/\/math-in.net\/9imw\/wp-content\/uploads\/sites\/17\/2023\/05\/CMUC-1-200x82.png 200w, https:\/\/math-in.net\/9imw\/wp-content\/uploads\/sites\/17\/2023\/05\/CMUC-1.png 217w\" sizes=\"(max-width: 217px) 100vw, 217px\" \/><\/strong><\/p>\n<p><strong>T\u00edtulo do Desafio:<\/strong> Testes em grupo de grandes popula\u00e7\u00f5es..<\/p>\n<p><strong>Breve descri\u00e7\u00e3o do desafio:<\/strong><\/p>\n<p>Examinar cada membro de uma grande popula\u00e7\u00e3o pode ser uma tarefa cara e trabalhosa. Em muitos cen\u00e1rios de teste, a carga de trabalho pode ser reduzida significativamente inspecionando apenas um subconjunto representativo da popula\u00e7\u00e3o total, em vez de examinar cada indiv\u00edduo. No entanto, em muitos contextos de inspe\u00e7\u00e3o, o objetivo \u00e9 obter a identifica\u00e7\u00e3o precisa de cada indiv\u00edduo, em vez de simplesmente obter informa\u00e7\u00f5es sobre uma amostra representativa. \u00c9 o caso, por exemplo, da dete\u00e7\u00e3o de doen\u00e7as infeciosas na popula\u00e7\u00e3o humana.<\/p>\n<p>O objetivo \u00e9 encontrar uma estrat\u00e9gia que identifique com precis\u00e3o os indiv\u00edduos infetados num pequeno n\u00famero de testes e poucas repeti\u00e7\u00f5es de testes. O cen\u00e1rio a ser considerado \u00e9 uma popula\u00e7\u00e3o de indiv\u00edduos n\u00e3o relacionados com baixa preval\u00eancia de infe\u00e7\u00e3o em exames de rotina.<\/p>\n<p>&nbsp;<\/p>\n<p><strong>Conhecimentos de matem\u00e1tica |<\/strong> Os estudantes necessitam de ter conhecimentos b\u00e1sicos de alguma linguagem de programa\u00e7\u00e3o, combinat\u00f3ria b\u00e1sica e estat\u00edstica.<\/p>\n<p><strong>Coordenadora |<\/strong>\u00a0S\u00edlvia Barbeiro, CMUC-Departamento de Matem\u00e1tica, Universidade de Coimbra, Portugal<\/p>\n","protected":false},"excerpt":{"rendered":"<p>Problema 2 T\u00edtulo do Desafio: Testes em grupo de grandes [&hellip;]<\/p>\n","protected":false},"author":5,"featured_media":0,"parent":0,"menu_order":0,"comment_status":"closed","ping_status":"closed","template":"","meta":[],"yoast_head":"<!-- This site is optimized with the Yoast SEO plugin v19.0 - https:\/\/yoast.com\/wordpress\/plugins\/seo\/ -->\n<title>Problema 2 - IX IBERIAN MODELLING WEEK<\/title>\n<meta name=\"robots\" content=\"index, follow, max-snippet:-1, max-image-preview:large, max-video-preview:-1\" \/>\n<link rel=\"canonical\" href=\"https:\/\/math-in.net\/9imw\/pt\/problema-2-2\/\" \/>\n<meta property=\"og:locale\" content=\"es_ES\" \/>\n<meta property=\"og:type\" content=\"article\" \/>\n<meta property=\"og:title\" content=\"Problema 2 - IX IBERIAN MODELLING WEEK\" \/>\n<meta property=\"og:description\" content=\"Problema 2 T\u00edtulo do Desafio: Testes em grupo de grandes [&hellip;]\" \/>\n<meta property=\"og:url\" content=\"https:\/\/math-in.net\/9imw\/pt\/problema-2-2\/\" \/>\n<meta property=\"og:site_name\" content=\"IX IBERIAN MODELLING WEEK\" \/>\n<meta property=\"article:modified_time\" content=\"2023-06-14T09:18:19+00:00\" \/>\n<meta property=\"og:image\" content=\"http:\/\/math-in.net\/9imw\/wp-content\/uploads\/sites\/17\/2023\/05\/CMUC-1.png\" \/>\n<meta name=\"twitter:card\" content=\"summary_large_image\" \/>\n<meta name=\"twitter:label1\" content=\"Tiempo de lectura\" \/>\n\t<meta name=\"twitter:data1\" content=\"1 minuto\" \/>\n<script type=\"application\/ld+json\" class=\"yoast-schema-graph\">{\"@context\":\"https:\/\/schema.org\",\"@graph\":[{\"@type\":\"WebSite\",\"@id\":\"https:\/\/math-in.net\/9imw\/#website\",\"url\":\"https:\/\/math-in.net\/9imw\/\",\"name\":\"IX IBERIAN MODELLING WEEK\",\"description\":\"Otro sitio m\u00e1s de math-in sitios\",\"potentialAction\":[{\"@type\":\"SearchAction\",\"target\":{\"@type\":\"EntryPoint\",\"urlTemplate\":\"https:\/\/math-in.net\/9imw\/?s={search_term_string}\"},\"query-input\":\"required name=search_term_string\"}],\"inLanguage\":\"es\"},{\"@type\":\"ImageObject\",\"inLanguage\":\"es\",\"@id\":\"https:\/\/math-in.net\/9imw\/pt\/problema-2-2\/#primaryimage\",\"url\":\"https:\/\/math-in.net\/9imw\/wp-content\/uploads\/sites\/17\/2023\/05\/CMUC-1.png\",\"contentUrl\":\"https:\/\/math-in.net\/9imw\/wp-content\/uploads\/sites\/17\/2023\/05\/CMUC-1.png\",\"width\":217,\"height\":89},{\"@type\":\"WebPage\",\"@id\":\"https:\/\/math-in.net\/9imw\/pt\/problema-2-2\/#webpage\",\"url\":\"https:\/\/math-in.net\/9imw\/pt\/problema-2-2\/\",\"name\":\"Problema 2 - IX IBERIAN MODELLING WEEK\",\"isPartOf\":{\"@id\":\"https:\/\/math-in.net\/9imw\/#website\"},\"primaryImageOfPage\":{\"@id\":\"https:\/\/math-in.net\/9imw\/pt\/problema-2-2\/#primaryimage\"},\"datePublished\":\"2023-05-25T09:35:30+00:00\",\"dateModified\":\"2023-06-14T09:18:19+00:00\",\"breadcrumb\":{\"@id\":\"https:\/\/math-in.net\/9imw\/pt\/problema-2-2\/#breadcrumb\"},\"inLanguage\":\"es\",\"potentialAction\":[{\"@type\":\"ReadAction\",\"target\":[\"https:\/\/math-in.net\/9imw\/pt\/problema-2-2\/\"]}]},{\"@type\":\"BreadcrumbList\",\"@id\":\"https:\/\/math-in.net\/9imw\/pt\/problema-2-2\/#breadcrumb\",\"itemListElement\":[{\"@type\":\"ListItem\",\"position\":1,\"name\":\"Portada\",\"item\":\"https:\/\/math-in.net\/9imw\/\"},{\"@type\":\"ListItem\",\"position\":2,\"name\":\"Problema 2\"}]}]}<\/script>\n<!-- \/ Yoast SEO plugin. -->","yoast_head_json":{"title":"Problema 2 - IX IBERIAN MODELLING WEEK","robots":{"index":"index","follow":"follow","max-snippet":"max-snippet:-1","max-image-preview":"max-image-preview:large","max-video-preview":"max-video-preview:-1"},"canonical":"https:\/\/math-in.net\/9imw\/pt\/problema-2-2\/","og_locale":"es_ES","og_type":"article","og_title":"Problema 2 - IX IBERIAN MODELLING WEEK","og_description":"Problema 2 T\u00edtulo do Desafio: Testes em grupo de grandes [&hellip;]","og_url":"https:\/\/math-in.net\/9imw\/pt\/problema-2-2\/","og_site_name":"IX IBERIAN MODELLING WEEK","article_modified_time":"2023-06-14T09:18:19+00:00","og_image":[{"url":"http:\/\/math-in.net\/9imw\/wp-content\/uploads\/sites\/17\/2023\/05\/CMUC-1.png"}],"twitter_card":"summary_large_image","twitter_misc":{"Tiempo de lectura":"1 minuto"},"schema":{"@context":"https:\/\/schema.org","@graph":[{"@type":"WebSite","@id":"https:\/\/math-in.net\/9imw\/#website","url":"https:\/\/math-in.net\/9imw\/","name":"IX IBERIAN MODELLING WEEK","description":"Otro sitio m\u00e1s de math-in sitios","potentialAction":[{"@type":"SearchAction","target":{"@type":"EntryPoint","urlTemplate":"https:\/\/math-in.net\/9imw\/?s={search_term_string}"},"query-input":"required name=search_term_string"}],"inLanguage":"es"},{"@type":"ImageObject","inLanguage":"es","@id":"https:\/\/math-in.net\/9imw\/pt\/problema-2-2\/#primaryimage","url":"https:\/\/math-in.net\/9imw\/wp-content\/uploads\/sites\/17\/2023\/05\/CMUC-1.png","contentUrl":"https:\/\/math-in.net\/9imw\/wp-content\/uploads\/sites\/17\/2023\/05\/CMUC-1.png","width":217,"height":89},{"@type":"WebPage","@id":"https:\/\/math-in.net\/9imw\/pt\/problema-2-2\/#webpage","url":"https:\/\/math-in.net\/9imw\/pt\/problema-2-2\/","name":"Problema 2 - IX IBERIAN MODELLING WEEK","isPartOf":{"@id":"https:\/\/math-in.net\/9imw\/#website"},"primaryImageOfPage":{"@id":"https:\/\/math-in.net\/9imw\/pt\/problema-2-2\/#primaryimage"},"datePublished":"2023-05-25T09:35:30+00:00","dateModified":"2023-06-14T09:18:19+00:00","breadcrumb":{"@id":"https:\/\/math-in.net\/9imw\/pt\/problema-2-2\/#breadcrumb"},"inLanguage":"es","potentialAction":[{"@type":"ReadAction","target":["https:\/\/math-in.net\/9imw\/pt\/problema-2-2\/"]}]},{"@type":"BreadcrumbList","@id":"https:\/\/math-in.net\/9imw\/pt\/problema-2-2\/#breadcrumb","itemListElement":[{"@type":"ListItem","position":1,"name":"Portada","item":"https:\/\/math-in.net\/9imw\/"},{"@type":"ListItem","position":2,"name":"Problema 2"}]}]}},"_links":{"self":[{"href":"https:\/\/math-in.net\/9imw\/wp-json\/wp\/v2\/pages\/173"}],"collection":[{"href":"https:\/\/math-in.net\/9imw\/wp-json\/wp\/v2\/pages"}],"about":[{"href":"https:\/\/math-in.net\/9imw\/wp-json\/wp\/v2\/types\/page"}],"author":[{"embeddable":true,"href":"https:\/\/math-in.net\/9imw\/wp-json\/wp\/v2\/users\/5"}],"replies":[{"embeddable":true,"href":"https:\/\/math-in.net\/9imw\/wp-json\/wp\/v2\/comments?post=173"}],"version-history":[{"count":4,"href":"https:\/\/math-in.net\/9imw\/wp-json\/wp\/v2\/pages\/173\/revisions"}],"predecessor-version":[{"id":425,"href":"https:\/\/math-in.net\/9imw\/wp-json\/wp\/v2\/pages\/173\/revisions\/425"}],"wp:attachment":[{"href":"https:\/\/math-in.net\/9imw\/wp-json\/wp\/v2\/media?parent=173"}],"curies":[{"name":"wp","href":"https:\/\/api.w.org\/{rel}","templated":true}]}}