{"id":171,"date":"2023-05-25T09:34:42","date_gmt":"2023-05-25T09:34:42","guid":{"rendered":"http:\/\/math-in.net\/9imw\/?page_id=171"},"modified":"2023-06-14T09:19:30","modified_gmt":"2023-06-14T09:19:30","slug":"problema-1-2","status":"publish","type":"page","link":"https:\/\/math-in.net\/9imw\/pt\/problema-1-2\/","title":{"rendered":"Problema 1"},"content":{"rendered":"<h4><strong>Problema 1<\/strong><\/h4>\n<h4><img class=\"alignnone size-medium wp-image-244\" src=\"http:\/\/math-in.net\/9imw\/wp-content\/uploads\/sites\/17\/2023\/05\/Lema-300x42.jpg\" alt=\"\" width=\"300\" height=\"42\" srcset=\"https:\/\/math-in.net\/9imw\/wp-content\/uploads\/sites\/17\/2023\/05\/Lema-200x28.jpg 200w, https:\/\/math-in.net\/9imw\/wp-content\/uploads\/sites\/17\/2023\/05\/Lema-300x42.jpg 300w, https:\/\/math-in.net\/9imw\/wp-content\/uploads\/sites\/17\/2023\/05\/Lema.jpg 373w\" sizes=\"(max-width: 300px) 100vw, 300px\" \/><\/h4>\n<p><strong>T\u00edtulo do Desafio:<\/strong> Otimiza\u00e7\u00e3o de rotas para um conjunto de fornecedores.<\/p>\n<p><strong>Breve descri\u00e7\u00e3o do desafio:<\/strong><\/p>\n<p>Uma empresa cuja vis\u00e3o \u00e9 ser um dos l\u00edderes mundiais em solu\u00e7\u00f5es de transporte, equipamentos de constru\u00e7\u00e3o e equipamentos agr\u00edcolas tem investido, ao longo dos \u00faltimos anos, na matem\u00e1tica industrial com o objetivo de melhorar a sua efici\u00eancia em v\u00e1rias dimens\u00f5es.<\/p>\n<p>O desafio proposto para esta Semana Ib\u00e9rica de Modela\u00e7\u00e3o assenta na determina\u00e7\u00e3o da melhor reparti\u00e7\u00e3o dos clientes entre os comerciais da empresa e na constru\u00e7\u00e3o do respetivo percurso de visita. Cada cliente tem associado um elemento do <em>staff<\/em> (comerciante) que deve efetuar uma visita com uma certa periodicidade (dependendo do tipo de cliente). Neste momento, j\u00e1 existe uma divis\u00e3o dos clientes em rela\u00e7\u00e3o aos vendedores.<\/p>\n<p>Este desafio tem dois objetivos principais:<\/p>\n<p>1) Dada a parti\u00e7\u00e3o de clientes existente, como encontrar uma rota \u00f3tima para visitar os clientes, considerando a \u00faltima vez que foram visitados, a periodicidade das visitas e as dist\u00e2ncias entre os clientes.<\/p>\n<p>2) Dada a matriz de dist\u00e2ncias entre clientes, existe uma parti\u00e7\u00e3o de clientes mais favor\u00e1vel, tendo em conta o n\u00famero de vendedores dispon\u00edveis?<\/p>\n<p>&nbsp;<\/p>\n<p><strong>Conhecimentos de matem\u00e1tica |<\/strong>\u00a0 Optimiza\u00e7\u00e3o.<\/p>\n<p><strong>Coordenador |<\/strong>\u00a0Manuel Cruz, LEMA-ISEP-IPP, Portugal.<\/p>\n","protected":false},"excerpt":{"rendered":"<p>Problema 1 T\u00edtulo do Desafio: Otimiza\u00e7\u00e3o de rotas para um [&hellip;]<\/p>\n","protected":false},"author":5,"featured_media":0,"parent":0,"menu_order":0,"comment_status":"closed","ping_status":"closed","template":"","meta":[],"yoast_head":"<!-- This site is optimized with the Yoast SEO plugin v19.0 - https:\/\/yoast.com\/wordpress\/plugins\/seo\/ -->\n<title>Problema 1 - IX IBERIAN MODELLING WEEK<\/title>\n<meta name=\"robots\" content=\"index, follow, max-snippet:-1, max-image-preview:large, max-video-preview:-1\" \/>\n<link rel=\"canonical\" href=\"https:\/\/math-in.net\/9imw\/pt\/problema-1-2\/\" \/>\n<meta property=\"og:locale\" content=\"es_ES\" \/>\n<meta property=\"og:type\" content=\"article\" \/>\n<meta property=\"og:title\" content=\"Problema 1 - IX IBERIAN MODELLING WEEK\" \/>\n<meta property=\"og:description\" content=\"Problema 1 T\u00edtulo do Desafio: Otimiza\u00e7\u00e3o de rotas para um [&hellip;]\" \/>\n<meta property=\"og:url\" content=\"https:\/\/math-in.net\/9imw\/pt\/problema-1-2\/\" \/>\n<meta property=\"og:site_name\" content=\"IX IBERIAN MODELLING WEEK\" \/>\n<meta property=\"article:modified_time\" content=\"2023-06-14T09:19:30+00:00\" \/>\n<meta property=\"og:image\" content=\"http:\/\/math-in.net\/9imw\/wp-content\/uploads\/sites\/17\/2023\/05\/Lema-300x42.jpg\" \/>\n<meta name=\"twitter:card\" content=\"summary_large_image\" \/>\n<meta name=\"twitter:label1\" content=\"Tiempo de lectura\" \/>\n\t<meta name=\"twitter:data1\" content=\"2 minutos\" \/>\n<script type=\"application\/ld+json\" class=\"yoast-schema-graph\">{\"@context\":\"https:\/\/schema.org\",\"@graph\":[{\"@type\":\"WebSite\",\"@id\":\"https:\/\/math-in.net\/9imw\/#website\",\"url\":\"https:\/\/math-in.net\/9imw\/\",\"name\":\"IX IBERIAN MODELLING WEEK\",\"description\":\"Otro sitio m\u00e1s de math-in sitios\",\"potentialAction\":[{\"@type\":\"SearchAction\",\"target\":{\"@type\":\"EntryPoint\",\"urlTemplate\":\"https:\/\/math-in.net\/9imw\/?s={search_term_string}\"},\"query-input\":\"required name=search_term_string\"}],\"inLanguage\":\"es\"},{\"@type\":\"ImageObject\",\"inLanguage\":\"es\",\"@id\":\"https:\/\/math-in.net\/9imw\/pt\/problema-1-2\/#primaryimage\",\"url\":\"https:\/\/math-in.net\/9imw\/wp-content\/uploads\/sites\/17\/2023\/05\/Lema.jpg\",\"contentUrl\":\"https:\/\/math-in.net\/9imw\/wp-content\/uploads\/sites\/17\/2023\/05\/Lema.jpg\",\"width\":373,\"height\":52},{\"@type\":\"WebPage\",\"@id\":\"https:\/\/math-in.net\/9imw\/pt\/problema-1-2\/#webpage\",\"url\":\"https:\/\/math-in.net\/9imw\/pt\/problema-1-2\/\",\"name\":\"Problema 1 - IX IBERIAN MODELLING WEEK\",\"isPartOf\":{\"@id\":\"https:\/\/math-in.net\/9imw\/#website\"},\"primaryImageOfPage\":{\"@id\":\"https:\/\/math-in.net\/9imw\/pt\/problema-1-2\/#primaryimage\"},\"datePublished\":\"2023-05-25T09:34:42+00:00\",\"dateModified\":\"2023-06-14T09:19:30+00:00\",\"breadcrumb\":{\"@id\":\"https:\/\/math-in.net\/9imw\/pt\/problema-1-2\/#breadcrumb\"},\"inLanguage\":\"es\",\"potentialAction\":[{\"@type\":\"ReadAction\",\"target\":[\"https:\/\/math-in.net\/9imw\/pt\/problema-1-2\/\"]}]},{\"@type\":\"BreadcrumbList\",\"@id\":\"https:\/\/math-in.net\/9imw\/pt\/problema-1-2\/#breadcrumb\",\"itemListElement\":[{\"@type\":\"ListItem\",\"position\":1,\"name\":\"Portada\",\"item\":\"https:\/\/math-in.net\/9imw\/\"},{\"@type\":\"ListItem\",\"position\":2,\"name\":\"Problema 1\"}]}]}<\/script>\n<!-- \/ Yoast SEO plugin. -->","yoast_head_json":{"title":"Problema 1 - IX IBERIAN MODELLING WEEK","robots":{"index":"index","follow":"follow","max-snippet":"max-snippet:-1","max-image-preview":"max-image-preview:large","max-video-preview":"max-video-preview:-1"},"canonical":"https:\/\/math-in.net\/9imw\/pt\/problema-1-2\/","og_locale":"es_ES","og_type":"article","og_title":"Problema 1 - IX IBERIAN MODELLING WEEK","og_description":"Problema 1 T\u00edtulo do Desafio: Otimiza\u00e7\u00e3o de rotas para um [&hellip;]","og_url":"https:\/\/math-in.net\/9imw\/pt\/problema-1-2\/","og_site_name":"IX IBERIAN MODELLING WEEK","article_modified_time":"2023-06-14T09:19:30+00:00","og_image":[{"url":"http:\/\/math-in.net\/9imw\/wp-content\/uploads\/sites\/17\/2023\/05\/Lema-300x42.jpg"}],"twitter_card":"summary_large_image","twitter_misc":{"Tiempo de lectura":"2 minutos"},"schema":{"@context":"https:\/\/schema.org","@graph":[{"@type":"WebSite","@id":"https:\/\/math-in.net\/9imw\/#website","url":"https:\/\/math-in.net\/9imw\/","name":"IX IBERIAN MODELLING WEEK","description":"Otro sitio m\u00e1s de math-in sitios","potentialAction":[{"@type":"SearchAction","target":{"@type":"EntryPoint","urlTemplate":"https:\/\/math-in.net\/9imw\/?s={search_term_string}"},"query-input":"required name=search_term_string"}],"inLanguage":"es"},{"@type":"ImageObject","inLanguage":"es","@id":"https:\/\/math-in.net\/9imw\/pt\/problema-1-2\/#primaryimage","url":"https:\/\/math-in.net\/9imw\/wp-content\/uploads\/sites\/17\/2023\/05\/Lema.jpg","contentUrl":"https:\/\/math-in.net\/9imw\/wp-content\/uploads\/sites\/17\/2023\/05\/Lema.jpg","width":373,"height":52},{"@type":"WebPage","@id":"https:\/\/math-in.net\/9imw\/pt\/problema-1-2\/#webpage","url":"https:\/\/math-in.net\/9imw\/pt\/problema-1-2\/","name":"Problema 1 - IX IBERIAN MODELLING WEEK","isPartOf":{"@id":"https:\/\/math-in.net\/9imw\/#website"},"primaryImageOfPage":{"@id":"https:\/\/math-in.net\/9imw\/pt\/problema-1-2\/#primaryimage"},"datePublished":"2023-05-25T09:34:42+00:00","dateModified":"2023-06-14T09:19:30+00:00","breadcrumb":{"@id":"https:\/\/math-in.net\/9imw\/pt\/problema-1-2\/#breadcrumb"},"inLanguage":"es","potentialAction":[{"@type":"ReadAction","target":["https:\/\/math-in.net\/9imw\/pt\/problema-1-2\/"]}]},{"@type":"BreadcrumbList","@id":"https:\/\/math-in.net\/9imw\/pt\/problema-1-2\/#breadcrumb","itemListElement":[{"@type":"ListItem","position":1,"name":"Portada","item":"https:\/\/math-in.net\/9imw\/"},{"@type":"ListItem","position":2,"name":"Problema 1"}]}]}},"_links":{"self":[{"href":"https:\/\/math-in.net\/9imw\/wp-json\/wp\/v2\/pages\/171"}],"collection":[{"href":"https:\/\/math-in.net\/9imw\/wp-json\/wp\/v2\/pages"}],"about":[{"href":"https:\/\/math-in.net\/9imw\/wp-json\/wp\/v2\/types\/page"}],"author":[{"embeddable":true,"href":"https:\/\/math-in.net\/9imw\/wp-json\/wp\/v2\/users\/5"}],"replies":[{"embeddable":true,"href":"https:\/\/math-in.net\/9imw\/wp-json\/wp\/v2\/comments?post=171"}],"version-history":[{"count":7,"href":"https:\/\/math-in.net\/9imw\/wp-json\/wp\/v2\/pages\/171\/revisions"}],"predecessor-version":[{"id":426,"href":"https:\/\/math-in.net\/9imw\/wp-json\/wp\/v2\/pages\/171\/revisions\/426"}],"wp:attachment":[{"href":"https:\/\/math-in.net\/9imw\/wp-json\/wp\/v2\/media?parent=171"}],"curies":[{"name":"wp","href":"https:\/\/api.w.org\/{rel}","templated":true}]}}