{"id":145,"date":"2023-05-25T09:24:07","date_gmt":"2023-05-25T09:24:07","guid":{"rendered":"http:\/\/math-in.net\/9imw\/?page_id=145"},"modified":"2023-06-06T11:53:11","modified_gmt":"2023-06-06T11:53:11","slug":"problema-1","status":"publish","type":"page","link":"https:\/\/math-in.net\/9imw\/problema-1\/","title":{"rendered":"Problema 1"},"content":{"rendered":"<h4>Problema 1<\/h4>\n<p><img class=\"alignnone size-medium wp-image-246\" src=\"http:\/\/math-in.net\/9imw\/wp-content\/uploads\/sites\/17\/2023\/05\/Lema-1-300x42.jpg\" alt=\"\" width=\"300\" height=\"42\" srcset=\"https:\/\/math-in.net\/9imw\/wp-content\/uploads\/sites\/17\/2023\/05\/Lema-1-200x28.jpg 200w, https:\/\/math-in.net\/9imw\/wp-content\/uploads\/sites\/17\/2023\/05\/Lema-1-300x42.jpg 300w, https:\/\/math-in.net\/9imw\/wp-content\/uploads\/sites\/17\/2023\/05\/Lema-1.jpg 373w\" sizes=\"(max-width: 300px) 100vw, 300px\" \/><\/p>\n<p id=\"tw-target-text\" class=\"tw-data-text tw-text-large tw-ta\" dir=\"ltr\" data-placeholder=\"Traducci\u00f3n\"><span class=\"Y2IQFc\" lang=\"es\"><strong>T\u00edtulo | <\/strong>Optimizaci\u00f3n de rutas para un conjunto de proveedores. <\/span><\/p>\n<p class=\"tw-data-text tw-text-large tw-ta\" dir=\"ltr\" data-placeholder=\"Traducci\u00f3n\"><span class=\"Y2IQFc\" lang=\"es\"><strong>Breve descripci\u00f3n | <\/strong>Una empresa cuya visi\u00f3n es ser uno de los l\u00edderes mundiales en soluciones de transporte, equipos de construcci\u00f3n y equipos agr\u00edcolas ha invertido en los \u00faltimos a\u00f1os en matem\u00e1ticas industriales con el objetivo de mejorar su eficiencia en varias dimensiones.<\/span><\/p>\n<p class=\"tw-data-text tw-text-large tw-ta\" dir=\"ltr\" data-placeholder=\"Traducci\u00f3n\"><span class=\"Y2IQFc\" lang=\"es\">El reto propuesto para el IX Iberian Modelling Week se basa en determinar la mejor partici\u00f3n de clientes entre el personal comercial de la compa\u00f1\u00eda y construir la ruta de visita respectiva.<\/span><\/p>\n<p class=\"tw-data-text tw-text-large tw-ta\" dir=\"ltr\" data-placeholder=\"Traducci\u00f3n\"><span class=\"Y2IQFc\" lang=\"es\"> Cada cliente tiene asociado un miembro del personal (personal de ventas), que debe realizar una visita con una frecuencia determinada (dependiendo del tipo de cliente). En este momento, ya existe una partici\u00f3n de los clientes con respecto a los vendedores.<\/span><\/p>\n<p class=\"tw-data-text tw-text-large tw-ta\" dir=\"ltr\" data-placeholder=\"Traducci\u00f3n\"><span class=\"Y2IQFc\" lang=\"es\">Este reto tiene dos objetivos principales: <\/span><\/p>\n<p class=\"tw-data-text tw-text-large tw-ta\" dir=\"ltr\" data-placeholder=\"Traducci\u00f3n\"><span class=\"Y2IQFc\" lang=\"es\">1) Dada la partici\u00f3n de clientes existente, c\u00f3mo encontrar una ruta \u00f3ptima para visitar a los clientes considerando la \u00faltima vez que fueron visitados, la periodicidad de las visitas y las distancias entre los clientes.<\/span><\/p>\n<p class=\"tw-data-text tw-text-large tw-ta\" dir=\"ltr\" data-placeholder=\"Traducci\u00f3n\"><span class=\"Y2IQFc\" lang=\"es\">2) Dada la matriz de distancias entre clientes, \u00bfexiste una partici\u00f3n de clientes m\u00e1s favorable, teniendo en cuenta el n\u00famero de vendedores disponibles?<\/span><\/p>\n<p>Mathematical background | Optimization.<\/p>\n<div class=\"\">Coordinator | Manuel Cruz,\u00a0<span class=\"\">Departamento de Matem\u00e1tica,\u00a0<\/span><span class=\"\" style=\"font-family: Verdana, Arial, Helvetica, sans-serif;\"><span class=\"\" style=\"font-size: small;\">Instituto Superior de Engenharia <span id=\"OBJ_PREFIX_DWT123_com_zimbra_date\" class=\"Object\" role=\"link\"><span id=\"OBJ_PREFIX_DWT176_com_zimbra_date\" class=\"Object\" role=\"link\">do<\/span><\/span> Porto (<\/span><\/span><span class=\"\"><a href=\"https:\/\/www.lema.isep.ipp.pt\/\">LEMA-ISEP-IPP<\/a>)<\/span><span class=\"\" style=\"font-family: Verdana, Arial, Helvetica, sans-serif;\"><span class=\"\" style=\"font-size: small;\">, Porto, Portugal<\/span><\/span><\/div>\n<div class=\"\"><\/div>\n<p>&nbsp;<\/p>\n","protected":false},"excerpt":{"rendered":"<p>Problema 1 T\u00edtulo | Optimizaci\u00f3n de rutas para un conjunto [&hellip;]<\/p>\n","protected":false},"author":5,"featured_media":0,"parent":0,"menu_order":0,"comment_status":"closed","ping_status":"closed","template":"","meta":[],"yoast_head":"<!-- This site is optimized with the Yoast SEO plugin v19.0 - https:\/\/yoast.com\/wordpress\/plugins\/seo\/ -->\n<title>Problema 1 - IX IBERIAN MODELLING WEEK<\/title>\n<meta name=\"robots\" content=\"index, follow, max-snippet:-1, max-image-preview:large, max-video-preview:-1\" \/>\n<link rel=\"canonical\" href=\"https:\/\/math-in.net\/9imw\/problema-1\/\" \/>\n<meta property=\"og:locale\" content=\"es_ES\" \/>\n<meta property=\"og:type\" content=\"article\" \/>\n<meta property=\"og:title\" content=\"Problema 1 - IX IBERIAN MODELLING WEEK\" \/>\n<meta property=\"og:description\" content=\"Problema 1 T\u00edtulo | Optimizaci\u00f3n de rutas para un conjunto [&hellip;]\" \/>\n<meta property=\"og:url\" content=\"https:\/\/math-in.net\/9imw\/problema-1\/\" \/>\n<meta property=\"og:site_name\" content=\"IX IBERIAN MODELLING WEEK\" \/>\n<meta property=\"article:modified_time\" content=\"2023-06-06T11:53:11+00:00\" \/>\n<meta property=\"og:image\" content=\"http:\/\/math-in.net\/9imw\/wp-content\/uploads\/sites\/17\/2023\/05\/Lema-1-300x42.jpg\" \/>\n<meta name=\"twitter:card\" content=\"summary_large_image\" \/>\n<meta name=\"twitter:label1\" content=\"Tiempo de lectura\" \/>\n\t<meta name=\"twitter:data1\" content=\"1 minuto\" \/>\n<script type=\"application\/ld+json\" class=\"yoast-schema-graph\">{\"@context\":\"https:\/\/schema.org\",\"@graph\":[{\"@type\":\"WebSite\",\"@id\":\"https:\/\/math-in.net\/9imw\/#website\",\"url\":\"https:\/\/math-in.net\/9imw\/\",\"name\":\"IX IBERIAN MODELLING WEEK\",\"description\":\"Otro sitio m\u00e1s de math-in sitios\",\"potentialAction\":[{\"@type\":\"SearchAction\",\"target\":{\"@type\":\"EntryPoint\",\"urlTemplate\":\"https:\/\/math-in.net\/9imw\/?s={search_term_string}\"},\"query-input\":\"required name=search_term_string\"}],\"inLanguage\":\"es\"},{\"@type\":\"ImageObject\",\"inLanguage\":\"es\",\"@id\":\"https:\/\/math-in.net\/9imw\/problema-1\/#primaryimage\",\"url\":\"https:\/\/math-in.net\/9imw\/wp-content\/uploads\/sites\/17\/2023\/05\/Lema-1.jpg\",\"contentUrl\":\"https:\/\/math-in.net\/9imw\/wp-content\/uploads\/sites\/17\/2023\/05\/Lema-1.jpg\",\"width\":373,\"height\":52},{\"@type\":\"WebPage\",\"@id\":\"https:\/\/math-in.net\/9imw\/problema-1\/#webpage\",\"url\":\"https:\/\/math-in.net\/9imw\/problema-1\/\",\"name\":\"Problema 1 - IX IBERIAN MODELLING WEEK\",\"isPartOf\":{\"@id\":\"https:\/\/math-in.net\/9imw\/#website\"},\"primaryImageOfPage\":{\"@id\":\"https:\/\/math-in.net\/9imw\/problema-1\/#primaryimage\"},\"datePublished\":\"2023-05-25T09:24:07+00:00\",\"dateModified\":\"2023-06-06T11:53:11+00:00\",\"breadcrumb\":{\"@id\":\"https:\/\/math-in.net\/9imw\/problema-1\/#breadcrumb\"},\"inLanguage\":\"es\",\"potentialAction\":[{\"@type\":\"ReadAction\",\"target\":[\"https:\/\/math-in.net\/9imw\/problema-1\/\"]}]},{\"@type\":\"BreadcrumbList\",\"@id\":\"https:\/\/math-in.net\/9imw\/problema-1\/#breadcrumb\",\"itemListElement\":[{\"@type\":\"ListItem\",\"position\":1,\"name\":\"Portada\",\"item\":\"https:\/\/math-in.net\/9imw\/\"},{\"@type\":\"ListItem\",\"position\":2,\"name\":\"Problema 1\"}]}]}<\/script>\n<!-- \/ Yoast SEO plugin. -->","yoast_head_json":{"title":"Problema 1 - IX IBERIAN MODELLING WEEK","robots":{"index":"index","follow":"follow","max-snippet":"max-snippet:-1","max-image-preview":"max-image-preview:large","max-video-preview":"max-video-preview:-1"},"canonical":"https:\/\/math-in.net\/9imw\/problema-1\/","og_locale":"es_ES","og_type":"article","og_title":"Problema 1 - IX IBERIAN MODELLING WEEK","og_description":"Problema 1 T\u00edtulo | Optimizaci\u00f3n de rutas para un conjunto [&hellip;]","og_url":"https:\/\/math-in.net\/9imw\/problema-1\/","og_site_name":"IX IBERIAN MODELLING WEEK","article_modified_time":"2023-06-06T11:53:11+00:00","og_image":[{"url":"http:\/\/math-in.net\/9imw\/wp-content\/uploads\/sites\/17\/2023\/05\/Lema-1-300x42.jpg"}],"twitter_card":"summary_large_image","twitter_misc":{"Tiempo de lectura":"1 minuto"},"schema":{"@context":"https:\/\/schema.org","@graph":[{"@type":"WebSite","@id":"https:\/\/math-in.net\/9imw\/#website","url":"https:\/\/math-in.net\/9imw\/","name":"IX IBERIAN MODELLING WEEK","description":"Otro sitio m\u00e1s de math-in sitios","potentialAction":[{"@type":"SearchAction","target":{"@type":"EntryPoint","urlTemplate":"https:\/\/math-in.net\/9imw\/?s={search_term_string}"},"query-input":"required name=search_term_string"}],"inLanguage":"es"},{"@type":"ImageObject","inLanguage":"es","@id":"https:\/\/math-in.net\/9imw\/problema-1\/#primaryimage","url":"https:\/\/math-in.net\/9imw\/wp-content\/uploads\/sites\/17\/2023\/05\/Lema-1.jpg","contentUrl":"https:\/\/math-in.net\/9imw\/wp-content\/uploads\/sites\/17\/2023\/05\/Lema-1.jpg","width":373,"height":52},{"@type":"WebPage","@id":"https:\/\/math-in.net\/9imw\/problema-1\/#webpage","url":"https:\/\/math-in.net\/9imw\/problema-1\/","name":"Problema 1 - IX IBERIAN MODELLING WEEK","isPartOf":{"@id":"https:\/\/math-in.net\/9imw\/#website"},"primaryImageOfPage":{"@id":"https:\/\/math-in.net\/9imw\/problema-1\/#primaryimage"},"datePublished":"2023-05-25T09:24:07+00:00","dateModified":"2023-06-06T11:53:11+00:00","breadcrumb":{"@id":"https:\/\/math-in.net\/9imw\/problema-1\/#breadcrumb"},"inLanguage":"es","potentialAction":[{"@type":"ReadAction","target":["https:\/\/math-in.net\/9imw\/problema-1\/"]}]},{"@type":"BreadcrumbList","@id":"https:\/\/math-in.net\/9imw\/problema-1\/#breadcrumb","itemListElement":[{"@type":"ListItem","position":1,"name":"Portada","item":"https:\/\/math-in.net\/9imw\/"},{"@type":"ListItem","position":2,"name":"Problema 1"}]}]}},"_links":{"self":[{"href":"https:\/\/math-in.net\/9imw\/wp-json\/wp\/v2\/pages\/145"}],"collection":[{"href":"https:\/\/math-in.net\/9imw\/wp-json\/wp\/v2\/pages"}],"about":[{"href":"https:\/\/math-in.net\/9imw\/wp-json\/wp\/v2\/types\/page"}],"author":[{"embeddable":true,"href":"https:\/\/math-in.net\/9imw\/wp-json\/wp\/v2\/users\/5"}],"replies":[{"embeddable":true,"href":"https:\/\/math-in.net\/9imw\/wp-json\/wp\/v2\/comments?post=145"}],"version-history":[{"count":8,"href":"https:\/\/math-in.net\/9imw\/wp-json\/wp\/v2\/pages\/145\/revisions"}],"predecessor-version":[{"id":303,"href":"https:\/\/math-in.net\/9imw\/wp-json\/wp\/v2\/pages\/145\/revisions\/303"}],"wp:attachment":[{"href":"https:\/\/math-in.net\/9imw\/wp-json\/wp\/v2\/media?parent=145"}],"curies":[{"name":"wp","href":"https:\/\/api.w.org\/{rel}","templated":true}]}}