{"id":14,"date":"2023-05-22T19:21:24","date_gmt":"2023-05-22T19:21:24","guid":{"rendered":"http:\/\/math-in.net\/9imw\/?page_id=14"},"modified":"2023-06-13T10:03:25","modified_gmt":"2023-06-13T10:03:25","slug":"presentacion","status":"publish","type":"page","link":"https:\/\/math-in.net\/9imw\/","title":{"rendered":"Presentaci\u00f3n"},"content":{"rendered":"<h4>Presentaci\u00f3n<\/h4>\n<p class=\"tw-data-text tw-text-large tw-ta\" dir=\"ltr\" data-placeholder=\"Traducci\u00f3n\"><span class=\"Y2IQFc\" lang=\"es\">El IX Iberian Modelling Week, tendr\u00e1 lugar en el Campus de la<span style=\"color: #0000ff;\"><strong> <a style=\"color: #0000ff;\" href=\"https:\/\/www.uib.es\/es\/\">Universitat de les Illes Balears<\/a><\/strong><\/span>,\u00a0 ubicado a 7,5 km de la ciudad de Palma (Mallorca, Islas Baleares) del 17 al 21 de julio de 2023. Se trata de un evento promovido conjuntamente por la Red Portuguesa de Matem\u00e1ticas para la Industria y la Innovaci\u00f3n, <a href=\"https:\/\/www.spm.pt\/PT-MATHS-IN\/\"><span style=\"color: #0000ff;\"><strong>PT-MATHS-IN<\/strong><\/span><\/a>, y la Red Espa\u00f1ola de Matem\u00e1ticas e Industria, <span style=\"color: #0000ff;\"><strong><a style=\"color: #0000ff;\" href=\"http:\/\/math-in.net\/en\/math-in\/\">math-in<\/a><\/strong><\/span>. El taller est\u00e1 organizado localmente por el<a href=\"http:\/\/iac3.uib.cat\/\"> <span style=\"color: #0000ff;\"><strong>IAC3<\/strong><\/span><\/a> <span class=\"Ninguno\"><span lang=\"EN-US\"> (Institute of Applied Computing &amp; Community Code).<\/span><\/span><\/span><\/p>\n<p class=\"tw-data-text tw-text-large tw-ta\" dir=\"ltr\" data-placeholder=\"Traducci\u00f3n\"><span class=\"Y2IQFc\" lang=\"es\">El\u00a0 IX Iberian Modelling Week es un evento internacional anual, con la participaci\u00f3n de estudiantes de m\u00e1ster, doctorado y estudiantes de \u00faltimo a\u00f1o de grado de matem\u00e1ticas, f\u00edsica e ingenier\u00eda, de diferentes nacionalidades y universidades, no solo portuguesas y espa\u00f1olas, que se desarrolla alternativamente entre Portugal y Espa\u00f1a. Desde su primera edici\u00f3n en 2014 en Coimbra. La <span style=\"color: #0000ff;\"><strong><a style=\"color: #0000ff;\" href=\"https:\/\/www.spm.pt\/PT-MATHS-IN\/8imw\/english\/index.html\">\u00faltima edici\u00f3n<\/a><\/strong><\/span> fue en Coimbra, del 25 de julio al 29 de julio de 2022. <\/span><\/p>\n<p class=\"tw-data-text tw-text-large tw-ta\" dir=\"ltr\" data-placeholder=\"Traducci\u00f3n\"><span class=\"Y2IQFc\" lang=\"es\">Este\u00a0 IX Iberian Modelling Week est\u00e1 dirigido principalmente a estudiantes de doctorado, m\u00e1ster y \u00faltimos cursos de grado, con un fuerte componente matem\u00e1tico, y pretende ofrecer a los estudiantes la oportunidad de trabajar sobre problemas reales que se plantean en un contexto industrial, id\u00e9nticos a los que pueden encontrar en el futuro, prepar\u00e1ndolos para afrontar mejor el mercado laboral y poder responder a sus demandas. <\/span><\/p>\n<p class=\"tw-data-text tw-text-large tw-ta\" dir=\"ltr\" data-placeholder=\"Traducci\u00f3n\"><span class=\"Y2IQFc\" lang=\"es\">El car\u00e1cter internacional del evento permite no solo acercar a los estudiantes al sector, sino tambi\u00e9n intercambiar experiencias entre estudiantes de diferentes formaciones. El IX Iberian Modelling Week tambi\u00e9n pretende sensibilizar a la industria sobre el valor a\u00f1adido de las matem\u00e1ticas aplicadas a la resoluci\u00f3n de problemas reales surgidos en los m\u00e1s diversos \u00e1mbitos industriales.<\/span><\/p>\n","protected":false},"excerpt":{"rendered":"<p>Presentaci\u00f3n El IX Iberian Modelling Week, tendr\u00e1 lugar en el [&hellip;]<\/p>\n","protected":false},"author":5,"featured_media":0,"parent":0,"menu_order":0,"comment_status":"closed","ping_status":"closed","template":"","meta":[],"yoast_head":"<!-- This site is optimized with the Yoast SEO plugin v19.0 - https:\/\/yoast.com\/wordpress\/plugins\/seo\/ -->\n<title>Presentaci\u00f3n - IX IBERIAN MODELLING WEEK<\/title>\n<meta name=\"robots\" content=\"index, follow, max-snippet:-1, max-image-preview:large, max-video-preview:-1\" \/>\n<link rel=\"canonical\" href=\"https:\/\/math-in.net\/9imw\/\" \/>\n<meta property=\"og:locale\" content=\"es_ES\" \/>\n<meta property=\"og:type\" content=\"article\" \/>\n<meta property=\"og:title\" content=\"Presentaci\u00f3n - IX IBERIAN MODELLING WEEK\" \/>\n<meta property=\"og:description\" content=\"Presentaci\u00f3n El IX Iberian Modelling Week, tendr\u00e1 lugar en el [&hellip;]\" \/>\n<meta property=\"og:url\" content=\"https:\/\/math-in.net\/9imw\/\" \/>\n<meta property=\"og:site_name\" content=\"IX IBERIAN MODELLING WEEK\" \/>\n<meta property=\"article:modified_time\" content=\"2023-06-13T10:03:25+00:00\" \/>\n<meta name=\"twitter:card\" content=\"summary_large_image\" \/>\n<meta name=\"twitter:label1\" content=\"Tiempo de lectura\" \/>\n\t<meta name=\"twitter:data1\" content=\"1 minuto\" \/>\n<script type=\"application\/ld+json\" class=\"yoast-schema-graph\">{\"@context\":\"https:\/\/schema.org\",\"@graph\":[{\"@type\":\"WebSite\",\"@id\":\"https:\/\/math-in.net\/9imw\/#website\",\"url\":\"https:\/\/math-in.net\/9imw\/\",\"name\":\"IX IBERIAN MODELLING WEEK\",\"description\":\"Otro sitio m\u00e1s de math-in sitios\",\"potentialAction\":[{\"@type\":\"SearchAction\",\"target\":{\"@type\":\"EntryPoint\",\"urlTemplate\":\"https:\/\/math-in.net\/9imw\/?s={search_term_string}\"},\"query-input\":\"required name=search_term_string\"}],\"inLanguage\":\"es\"},{\"@type\":\"WebPage\",\"@id\":\"https:\/\/math-in.net\/9imw\/#webpage\",\"url\":\"https:\/\/math-in.net\/9imw\/\",\"name\":\"Presentaci\u00f3n - IX IBERIAN MODELLING WEEK\",\"isPartOf\":{\"@id\":\"https:\/\/math-in.net\/9imw\/#website\"},\"datePublished\":\"2023-05-22T19:21:24+00:00\",\"dateModified\":\"2023-06-13T10:03:25+00:00\",\"breadcrumb\":{\"@id\":\"https:\/\/math-in.net\/9imw\/#breadcrumb\"},\"inLanguage\":\"es\",\"potentialAction\":[{\"@type\":\"ReadAction\",\"target\":[\"https:\/\/math-in.net\/9imw\/\"]}]},{\"@type\":\"BreadcrumbList\",\"@id\":\"https:\/\/math-in.net\/9imw\/#breadcrumb\",\"itemListElement\":[{\"@type\":\"ListItem\",\"position\":1,\"name\":\"Portada\",\"item\":\"https:\/\/math-in.net\/9imw\/\"},{\"@type\":\"ListItem\",\"position\":2,\"name\":\"Presentaci\u00f3n\"}]}]}<\/script>\n<!-- \/ Yoast SEO plugin. -->","yoast_head_json":{"title":"Presentaci\u00f3n - IX IBERIAN MODELLING WEEK","robots":{"index":"index","follow":"follow","max-snippet":"max-snippet:-1","max-image-preview":"max-image-preview:large","max-video-preview":"max-video-preview:-1"},"canonical":"https:\/\/math-in.net\/9imw\/","og_locale":"es_ES","og_type":"article","og_title":"Presentaci\u00f3n - IX IBERIAN MODELLING WEEK","og_description":"Presentaci\u00f3n El IX Iberian Modelling Week, tendr\u00e1 lugar en el [&hellip;]","og_url":"https:\/\/math-in.net\/9imw\/","og_site_name":"IX IBERIAN MODELLING WEEK","article_modified_time":"2023-06-13T10:03:25+00:00","twitter_card":"summary_large_image","twitter_misc":{"Tiempo de lectura":"1 minuto"},"schema":{"@context":"https:\/\/schema.org","@graph":[{"@type":"WebSite","@id":"https:\/\/math-in.net\/9imw\/#website","url":"https:\/\/math-in.net\/9imw\/","name":"IX IBERIAN MODELLING WEEK","description":"Otro sitio m\u00e1s de math-in sitios","potentialAction":[{"@type":"SearchAction","target":{"@type":"EntryPoint","urlTemplate":"https:\/\/math-in.net\/9imw\/?s={search_term_string}"},"query-input":"required name=search_term_string"}],"inLanguage":"es"},{"@type":"WebPage","@id":"https:\/\/math-in.net\/9imw\/#webpage","url":"https:\/\/math-in.net\/9imw\/","name":"Presentaci\u00f3n - IX IBERIAN MODELLING WEEK","isPartOf":{"@id":"https:\/\/math-in.net\/9imw\/#website"},"datePublished":"2023-05-22T19:21:24+00:00","dateModified":"2023-06-13T10:03:25+00:00","breadcrumb":{"@id":"https:\/\/math-in.net\/9imw\/#breadcrumb"},"inLanguage":"es","potentialAction":[{"@type":"ReadAction","target":["https:\/\/math-in.net\/9imw\/"]}]},{"@type":"BreadcrumbList","@id":"https:\/\/math-in.net\/9imw\/#breadcrumb","itemListElement":[{"@type":"ListItem","position":1,"name":"Portada","item":"https:\/\/math-in.net\/9imw\/"},{"@type":"ListItem","position":2,"name":"Presentaci\u00f3n"}]}]}},"_links":{"self":[{"href":"https:\/\/math-in.net\/9imw\/wp-json\/wp\/v2\/pages\/14"}],"collection":[{"href":"https:\/\/math-in.net\/9imw\/wp-json\/wp\/v2\/pages"}],"about":[{"href":"https:\/\/math-in.net\/9imw\/wp-json\/wp\/v2\/types\/page"}],"author":[{"embeddable":true,"href":"https:\/\/math-in.net\/9imw\/wp-json\/wp\/v2\/users\/5"}],"replies":[{"embeddable":true,"href":"https:\/\/math-in.net\/9imw\/wp-json\/wp\/v2\/comments?post=14"}],"version-history":[{"count":11,"href":"https:\/\/math-in.net\/9imw\/wp-json\/wp\/v2\/pages\/14\/revisions"}],"predecessor-version":[{"id":410,"href":"https:\/\/math-in.net\/9imw\/wp-json\/wp\/v2\/pages\/14\/revisions\/410"}],"wp:attachment":[{"href":"https:\/\/math-in.net\/9imw\/wp-json\/wp\/v2\/media?parent=14"}],"curies":[{"name":"wp","href":"https:\/\/api.w.org\/{rel}","templated":true}]}}

Presentación

<h4>Presentación</h4>
<p class="tw-data-text tw-text-large tw-ta" dir="ltr" data-placeholder="Traducción"><span class="Y2IQFc" lang="es">El IX Iberian Modelling Week, tendrá lugar en el Campus de la<span style="color: #0000ff;"><strong> <a style="color: #0000ff;" href="https://www.uib.es/es/">Universitat de les Illes Balears</a></strong></span>,  ubicado a 7,5 km de la ciudad de Palma (Mallorca, Islas Baleares) del 17 al 21 de julio de 2023. Se trata de un evento promovido conjuntamente por la Red Portuguesa de Matemáticas para la Industria y la Innovación, <a href="https://www.spm.pt/PT-MATHS-IN/"><span style="color: #0000ff;"><strong>PT-MATHS-IN</strong></span></a>, y la Red Española de Matemáticas e Industria, <span style="color: #0000ff;"><strong><a style="color: #0000ff;" href="http://math-in.net/en/math-in/">math-in</a></strong></span>. El taller está organizado localmente por el<a href="http://iac3.uib.cat/"> <span style="color: #0000ff;"><strong>IAC3</strong></span></a> <span class="Ninguno"><span lang="EN-US"> (Institute of Applied Computing &amp; Community Code).</span></span></span></p>
<p class="tw-data-text tw-text-large tw-ta" dir="ltr" data-placeholder="Traducción"><span class="Y2IQFc" lang="es">El  IX Iberian Modelling Week es un evento internacional anual, con la participación de estudiantes de máster, doctorado y estudiantes de último año de grado de matemáticas, física e ingeniería, de diferentes nacionalidades y universidades, no solo portuguesas y españolas, que se desarrolla alternativamente entre Portugal y España. Desde su primera edición en 2014 en Coimbra. La <span style="color: #0000ff;"><strong><a style="color: #0000ff;" href="https://www.spm.pt/PT-MATHS-IN/8imw/english/index.html">última edición</a></strong></span> fue en Coimbra, del 25 de julio al 29 de julio de 2022. </span></p>
<p class="tw-data-text tw-text-large tw-ta" dir="ltr" data-placeholder="Traducción"><span class="Y2IQFc" lang="es">Este  IX Iberian Modelling Week está dirigido principalmente a estudiantes de doctorado, máster y últimos cursos de grado, con un fuerte componente matemático, y pretende ofrecer a los estudiantes la oportunidad de trabajar sobre problemas reales que se plantean en un contexto industrial, idénticos a los que pueden encontrar en el futuro, preparándolos para afrontar mejor el mercado laboral y poder responder a sus demandas. </span></p>
<p class="tw-data-text tw-text-large tw-ta" dir="ltr" data-placeholder="Traducción"><span class="Y2IQFc" lang="es">El carácter internacional del evento permite no solo acercar a los estudiantes al sector, sino también intercambiar experiencias entre estudiantes de diferentes formaciones. El IX Iberian Modelling Week también pretende sensibilizar a la industria sobre el valor añadido de las matemáticas aplicadas a la resolución de problemas reales surgidos en los más diversos ámbitos industriales.</span></p>

<p>Presentación El IX Iberian Modelling Week, tendrá lugar en el [&hellip;]</p>

<!-- This site is optimized with the Yoast SEO plugin v19.0 - https://yoast.com/wordpress/plugins/seo/ -->
<title>Presentación - IX IBERIAN MODELLING WEEK</title>
<meta name="robots" content="index, follow, max-snippet:-1, max-image-preview:large, max-video-preview:-1" />
<link rel="canonical" href="https://math-in.net/9imw/" />
<meta property="og:locale" content="es_ES" />
<meta property="og:type" content="article" />
<meta property="og:title" content="Presentación - IX IBERIAN MODELLING WEEK" />
<meta property="og:description" content="Presentación El IX Iberian Modelling Week, tendrá lugar en el [&hellip;]" />
<meta property="og:url" content="https://math-in.net/9imw/" />
<meta property="og:site_name" content="IX IBERIAN MODELLING WEEK" />
<meta property="article:modified_time" content="2023-06-13T10:03:25+00:00" />
<meta name="twitter:card" content="summary_large_image" />
<meta name="twitter:label1" content="Tiempo de lectura" />
	<meta name="twitter:data1" content="1 minuto" />
<script type="application/ld+json" class="yoast-schema-graph">{"@context":"https://schema.org","@graph":[{"@type":"WebSite","@id":"https://math-in.net/9imw/#website","url":"https://math-in.net/9imw/","name":"IX IBERIAN MODELLING WEEK","description":"Otro sitio más de math-in sitios","potentialAction":[{"@type":"SearchAction","target":{"@type":"EntryPoint","urlTemplate":"https://math-in.net/9imw/?s={search_term_string}"},"query-input":"required name=search_term_string"}],"inLanguage":"es"},{"@type":"WebPage","@id":"https://math-in.net/9imw/#webpage","url":"https://math-in.net/9imw/","name":"Presentación - IX IBERIAN MODELLING WEEK","isPartOf":{"@id":"https://math-in.net/9imw/#website"},"datePublished":"2023-05-22T19:21:24+00:00","dateModified":"2023-06-13T10:03:25+00:00","breadcrumb":{"@id":"https://math-in.net/9imw/#breadcrumb"},"inLanguage":"es","potentialAction":[{"@type":"ReadAction","target":["https://math-in.net/9imw/"]}]},{"@type":"BreadcrumbList","@id":"https://math-in.net/9imw/#breadcrumb","itemListElement":[{"@type":"ListItem","position":1,"name":"Portada","item":"https://math-in.net/9imw/"},{"@type":"ListItem","position":2,"name":"Presentación"}]}]}</script>
<!-- / Yoast SEO plugin. -->

Presentación - IX IBERIAN MODELLING WEEK

Presentación El IX Iberian Modelling Week, tendrá lugar en el [&hellip;]

Otro sitio más de math-in sitios
