{"id":87,"date":"2022-06-16T14:49:36","date_gmt":"2022-06-16T14:49:36","guid":{"rendered":"http:\/\/vps29.math-in.net\/163esgi\/?page_id=87"},"modified":"2024-10-28T11:07:33","modified_gmt":"2024-10-28T11:07:33","slug":"carta-de-invitacion","status":"publish","type":"page","link":"https:\/\/math-in.net\/184esgi\/presentacion\/carta-de-invitacion\/","title":{"rendered":"Carta de invitaci\u00f3n"},"content":{"rendered":"<h4 class=\"title\">Carta de invitaci\u00f3n<\/h4>\n<div id=\"content-area\">\n<div id=\"node-2\" class=\"node node-type-page clearfix\">\n<div class=\"content\">\n<p class=\"rtejustify\">En nombre de la Red Espa\u00f1ola de Matem\u00e1tica-Industria (math-in) y el Centro de Investigaci\u00f3n y Tecnolog\u00eda Matem\u00e1tica de Galicia (CITMAga), queremos invitarte a participar en el 184 European Study Group with Industry (184 ESGI) que se celebrar\u00e1 en Santiago de Compostela del 25 al 29 de noviembre de 2024.<\/p>\n<p class=\"rtejustify\">En estos encuentros, el personal investigador se organiza en grupos de trabajo para abordar y resolver problemas propuestos por las empresas participantes, haciendo posible la creaci\u00f3n de sinergias, fomentando el establecimiento l\u00edneas de actuaci\u00f3n conjunta y respuestas coordinadas entre el personal investigador y el tejido productivo. En este sentido, debido a la naturaleza transversal de las Matem\u00e1ticas, estos problemas son abordables en todos los sectores empresariales, valorando as\u00ed la figura del personal investigador en Matem\u00e1ticas como clave en la empresa y en a industria.<\/p>\n<p class=\"rtejustify\">En esta nueva edici\u00f3n del ESGI contaremos con la presencia de la empresa The Basement, una tecnol\u00f3gica especializada en data y analitics, que liderar\u00e1n un grupo de trabajo que tiene por finalidad estudiar el <strong>impacto del aparcamiento compartido en el urbanismo de las ciudades<\/strong>. El objetivo de este problema es cuantificar el impacto que estos sistemas tendr\u00e1n en el urbanismo de las ciudades en diferentes aspectos como el ampliar el n\u00famero de plazas de aparcamiento, reduciendo la congesti\u00f3n del tr\u00e1fico urbano y ofreciendo alternativas que ayuden a generar m\u00e1s competitividad y resultados m\u00e1s eficaces.<\/p>\n<p class=\"rtejustify\">Por su parte, tambi\u00e9n nos acompa\u00f1ar\u00e1 durante estos d\u00edas Sunntics, una empresa dedicada a la actividad inform\u00e1tica y producci\u00f3n de herramientas profesionales cient\u00edficas y t\u00e9cnicas, que nos presentar\u00e1 un <strong>problema relacionado con la matem\u00e1tica aplicada y la estad\u00edstica<\/strong>, corrientes de estudio de tan alto inter\u00e9s para la comunidad matem\u00e1tica.<\/p>\n<p class=\"rtejustify\">De esta forma, os recordamos que pod\u00e9is registraros para formar parte del ESI 184 en calidad de coordinadores (<strong><a href=\"https:\/\/forms.office.com\/pages\/responsepage.aspx?id=_HKgooyIIU2zne9Om62FU1_GB4I-GplNntbugHfk3CRUQjFUOVBWSExNN0tTVFo5MTlaOFlRN0M5SS4u&amp;route=shorturl\">clica aqu\u00ed<\/a><\/strong>) o de participantes (<strong><a href=\"https:\/\/forms.office.com\/pages\/responsepage.aspx?id=_HKgooyIIU2zne9Om62FU1_GB4I-GplNntbugHfk3CRUNFZXMzBENzhNU0tDOFhWTlFSQlJDRFZYMS4u&amp;route=shorturl\">clica aqu\u00ed<\/a><\/strong>) ya que, sin duda, este encuentro ser\u00e1 clave en nuestro objetivo de acercar la empresa y la industria al personal cient\u00edfico e investigador gracias a este tipo de sinergias y colaboraciones.<\/p>\n<p class=\"rtejustify\">Nos gustar\u00eda contar con tu participaci\u00f3n en este evento, para que entre todo el personal involucrado hagamos de estas jornadas un punto de encuentro que nos ayude a poner en valor la transferencia de tecnolog\u00eda matem\u00e1tica a la industria.<\/p>\n<p class=\"rtejustify\">Esperamos contar contigo y vernos en Santiago de Compostela.<br \/>\nUn cordial saludo.<\/p>\n<p class=\"rtejustify\">Emilio Carrizosa, Presidente de la Red Espa\u00f1ola Matem\u00e1tica-Industria (Math-In).<\/p>\n<p class=\"rtejustify\">Rosa M. Crujeiras, Directora Cient\u00edfica del CITMAga.<\/p>\n<\/div>\n<\/div>\n<\/div>\n","protected":false},"excerpt":{"rendered":"<p>Carta de invitaci\u00f3n En nombre de la Red Espa\u00f1ola de [&hellip;]<\/p>\n","protected":false},"author":1,"featured_media":0,"parent":85,"menu_order":0,"comment_status":"closed","ping_status":"closed","template":"","meta":[],"yoast_head":"<!-- This site is optimized with the Yoast SEO plugin v19.0 - https:\/\/yoast.com\/wordpress\/plugins\/seo\/ -->\n<title>Carta de invitaci\u00f3n - 184esgi<\/title>\n<meta name=\"robots\" content=\"index, follow, max-snippet:-1, max-image-preview:large, max-video-preview:-1\" \/>\n<link rel=\"canonical\" href=\"https:\/\/math-in.net\/184esgi\/presentacion\/carta-de-invitacion\/\" \/>\n<meta property=\"og:locale\" content=\"es_ES\" \/>\n<meta property=\"og:type\" content=\"article\" \/>\n<meta property=\"og:title\" content=\"Carta de invitaci\u00f3n - 184esgi\" \/>\n<meta property=\"og:description\" content=\"Carta de invitaci\u00f3n En nombre de la Red Espa\u00f1ola de [&hellip;]\" \/>\n<meta property=\"og:url\" content=\"https:\/\/math-in.net\/184esgi\/presentacion\/carta-de-invitacion\/\" \/>\n<meta property=\"og:site_name\" content=\"184esgi\" \/>\n<meta property=\"article:modified_time\" content=\"2024-10-28T11:07:33+00:00\" \/>\n<meta name=\"twitter:card\" content=\"summary_large_image\" \/>\n<meta name=\"twitter:label1\" content=\"Tiempo de lectura\" \/>\n\t<meta name=\"twitter:data1\" content=\"2 minutos\" \/>\n<script type=\"application\/ld+json\" class=\"yoast-schema-graph\">{\"@context\":\"https:\/\/schema.org\",\"@graph\":[{\"@type\":\"WebSite\",\"@id\":\"https:\/\/math-in.net\/184esgi\/#website\",\"url\":\"https:\/\/math-in.net\/184esgi\/\",\"name\":\"184esgi\",\"description\":\"Otro sitio m\u00e1s de math-in sitios\",\"potentialAction\":[{\"@type\":\"SearchAction\",\"target\":{\"@type\":\"EntryPoint\",\"urlTemplate\":\"https:\/\/math-in.net\/184esgi\/?s={search_term_string}\"},\"query-input\":\"required name=search_term_string\"}],\"inLanguage\":\"es\"},{\"@type\":\"WebPage\",\"@id\":\"https:\/\/math-in.net\/184esgi\/presentacion\/carta-de-invitacion\/#webpage\",\"url\":\"https:\/\/math-in.net\/184esgi\/presentacion\/carta-de-invitacion\/\",\"name\":\"Carta de invitaci\u00f3n - 184esgi\",\"isPartOf\":{\"@id\":\"https:\/\/math-in.net\/184esgi\/#website\"},\"datePublished\":\"2022-06-16T14:49:36+00:00\",\"dateModified\":\"2024-10-28T11:07:33+00:00\",\"breadcrumb\":{\"@id\":\"https:\/\/math-in.net\/184esgi\/presentacion\/carta-de-invitacion\/#breadcrumb\"},\"inLanguage\":\"es\",\"potentialAction\":[{\"@type\":\"ReadAction\",\"target\":[\"https:\/\/math-in.net\/184esgi\/presentacion\/carta-de-invitacion\/\"]}]},{\"@type\":\"BreadcrumbList\",\"@id\":\"https:\/\/math-in.net\/184esgi\/presentacion\/carta-de-invitacion\/#breadcrumb\",\"itemListElement\":[{\"@type\":\"ListItem\",\"position\":1,\"name\":\"Portada\",\"item\":\"https:\/\/math-in.net\/184esgi\/\"},{\"@type\":\"ListItem\",\"position\":2,\"name\":\"Presentaci\u00f3n\",\"item\":\"https:\/\/math-in.net\/184esgi\/\"},{\"@type\":\"ListItem\",\"position\":3,\"name\":\"Carta de invitaci\u00f3n\"}]}]}<\/script>\n<!-- \/ Yoast SEO plugin. -->","yoast_head_json":{"title":"Carta de invitaci\u00f3n - 184esgi","robots":{"index":"index","follow":"follow","max-snippet":"max-snippet:-1","max-image-preview":"max-image-preview:large","max-video-preview":"max-video-preview:-1"},"canonical":"https:\/\/math-in.net\/184esgi\/presentacion\/carta-de-invitacion\/","og_locale":"es_ES","og_type":"article","og_title":"Carta de invitaci\u00f3n - 184esgi","og_description":"Carta de invitaci\u00f3n En nombre de la Red Espa\u00f1ola de [&hellip;]","og_url":"https:\/\/math-in.net\/184esgi\/presentacion\/carta-de-invitacion\/","og_site_name":"184esgi","article_modified_time":"2024-10-28T11:07:33+00:00","twitter_card":"summary_large_image","twitter_misc":{"Tiempo de lectura":"2 minutos"},"schema":{"@context":"https:\/\/schema.org","@graph":[{"@type":"WebSite","@id":"https:\/\/math-in.net\/184esgi\/#website","url":"https:\/\/math-in.net\/184esgi\/","name":"184esgi","description":"Otro sitio m\u00e1s de math-in sitios","potentialAction":[{"@type":"SearchAction","target":{"@type":"EntryPoint","urlTemplate":"https:\/\/math-in.net\/184esgi\/?s={search_term_string}"},"query-input":"required name=search_term_string"}],"inLanguage":"es"},{"@type":"WebPage","@id":"https:\/\/math-in.net\/184esgi\/presentacion\/carta-de-invitacion\/#webpage","url":"https:\/\/math-in.net\/184esgi\/presentacion\/carta-de-invitacion\/","name":"Carta de invitaci\u00f3n - 184esgi","isPartOf":{"@id":"https:\/\/math-in.net\/184esgi\/#website"},"datePublished":"2022-06-16T14:49:36+00:00","dateModified":"2024-10-28T11:07:33+00:00","breadcrumb":{"@id":"https:\/\/math-in.net\/184esgi\/presentacion\/carta-de-invitacion\/#breadcrumb"},"inLanguage":"es","potentialAction":[{"@type":"ReadAction","target":["https:\/\/math-in.net\/184esgi\/presentacion\/carta-de-invitacion\/"]}]},{"@type":"BreadcrumbList","@id":"https:\/\/math-in.net\/184esgi\/presentacion\/carta-de-invitacion\/#breadcrumb","itemListElement":[{"@type":"ListItem","position":1,"name":"Portada","item":"https:\/\/math-in.net\/184esgi\/"},{"@type":"ListItem","position":2,"name":"Presentaci\u00f3n","item":"https:\/\/math-in.net\/184esgi\/"},{"@type":"ListItem","position":3,"name":"Carta de invitaci\u00f3n"}]}]}},"_links":{"self":[{"href":"https:\/\/math-in.net\/184esgi\/wp-json\/wp\/v2\/pages\/87"}],"collection":[{"href":"https:\/\/math-in.net\/184esgi\/wp-json\/wp\/v2\/pages"}],"about":[{"href":"https:\/\/math-in.net\/184esgi\/wp-json\/wp\/v2\/types\/page"}],"author":[{"embeddable":true,"href":"https:\/\/math-in.net\/184esgi\/wp-json\/wp\/v2\/users\/1"}],"replies":[{"embeddable":true,"href":"https:\/\/math-in.net\/184esgi\/wp-json\/wp\/v2\/comments?post=87"}],"version-history":[{"count":3,"href":"https:\/\/math-in.net\/184esgi\/wp-json\/wp\/v2\/pages\/87\/revisions"}],"predecessor-version":[{"id":398,"href":"https:\/\/math-in.net\/184esgi\/wp-json\/wp\/v2\/pages\/87\/revisions\/398"}],"up":[{"embeddable":true,"href":"https:\/\/math-in.net\/184esgi\/wp-json\/wp\/v2\/pages\/85"}],"wp:attachment":[{"href":"https:\/\/math-in.net\/184esgi\/wp-json\/wp\/v2\/media?parent=87"}],"curies":[{"name":"wp","href":"https:\/\/api.w.org\/{rel}","templated":true}]}}