{"id":49,"date":"2022-06-16T14:34:59","date_gmt":"2022-06-16T14:34:59","guid":{"rendered":"http:\/\/vps29.math-in.net\/163esgi\/?page_id=49"},"modified":"2024-11-01T10:39:50","modified_gmt":"2024-11-01T10:39:50","slug":"problema-1","status":"publish","type":"page","link":"https:\/\/math-in.net\/184esgi\/programa\/problema-1\/","title":{"rendered":"Problema 1: Impacto del aparcamiento compartido en el urbanismo de las ciudades (The Basement)"},"content":{"rendered":"<div class=\"fusion-fullwidth fullwidth-box fusion-builder-row-1 fusion-flex-container nonhundred-percent-fullwidth non-hundred-percent-height-scrolling\" style=\"background-color: rgba(255,255,255,0);background-position: center center;background-repeat: no-repeat;border-width: 0px 0px 0px 0px;border-color:var(--awb-color3);border-style:solid;\" ><div class=\"fusion-builder-row fusion-row fusion-flex-align-items-flex-start\" style=\"max-width:1248px;margin-left: calc(-4% \/ 2 );margin-right: calc(-4% \/ 2 );\"><div class=\"fusion-layout-column fusion_builder_column fusion-builder-column-0 fusion_builder_column_1_1 1_1 fusion-flex-column\"><div class=\"fusion-column-wrapper fusion-flex-justify-content-flex-start fusion-content-layout-column\" style=\"background-position:left top;background-repeat:no-repeat;-webkit-background-size:cover;-moz-background-size:cover;-o-background-size:cover;background-size:cover;padding: 0px 0px 0px 0px;\"><div class=\"fusion-text fusion-text-1\"><h4 class=\"title\">Problema 1: Impacto del aparcamiento compartido en el urbanismo de las ciudades<\/h4>\n<\/div><div style=\"text-align:center;\"><span class=\" fusion-imageframe imageframe-none imageframe-1 hover-type-none\"><img width=\"300\" height=\"61\" title=\"The basement\" src=\"http:\/\/math-in.net\/184esgi\/wp-content\/uploads\/sites\/12\/2024\/11\/The-basement-300x61.png\" alt class=\"img-responsive wp-image-409\" srcset=\"https:\/\/math-in.net\/184esgi\/wp-content\/uploads\/sites\/12\/2024\/11\/The-basement-200x40.png 200w, https:\/\/math-in.net\/184esgi\/wp-content\/uploads\/sites\/12\/2024\/11\/The-basement-400x81.png 400w, https:\/\/math-in.net\/184esgi\/wp-content\/uploads\/sites\/12\/2024\/11\/The-basement.png 570w\" sizes=\"(max-width: 640px) 100vw, 300px\" \/><\/span><\/div><div class=\"fusion-text fusion-text-2\"><div id=\"content-area\">\n<div id=\"node-10\" class=\"node node-type-page clearfix\">\n<div class=\"content\">\n<p class=\"rtecenter\"><img class=\"alignleft\" src=\"http:\/\/www.math-in.net\/163esgi\/sites\/math-in.net.163esgi\/files\/logo_Repsol.png\" alt=\"\" \/><\/p>\n<p class=\"rtecenter\" style=\"text-align: left;\"><strong>Coordinador Empresarial |\u00a0<\/strong>Fernando Alonso D\u00edaz, CEO de The Basement.<\/p>\n<p><strong>Especialista |<\/strong>\u00a0Pablo Angulo Ardoy, Head of Science and Research de The Basement<\/p>\n<p><strong>Alcance |\u00a0<\/strong>Este problema se centra en evaluar cuantitativamente el impacto que un sistema de aparcamiento compartido tendr\u00eda en la urbanizaci\u00f3n y habitabilidad de las ciudades. Las soluciones de aparcamiento compartido pueden optimizar el uso de plazas, reduciendo el tiempo que los veh\u00edculos pasan circulando en busca de estacionamiento y, con ello, disminuyendo la congesti\u00f3n vial. Esto, en un primer momento, parece liberar espacio urbano y facilitar una circulaci\u00f3n m\u00e1s fluida, al reducir la demanda de nuevas infraestructuras para estacionamiento. Sin embargo, es fundamental analizar el equilibrio entre los beneficios de reducir el tr\u00e1fico y los posibles efectos contraproducentes, como la \u00abparadoja de Downs-Thomson\u00bb, donde la mejora en la disponibilidad de estacionamiento podr\u00eda incentivar el uso del autom\u00f3vil frente al transporte p\u00fablico, afectando los esfuerzos de sostenibilidad urbana. El alcance de este an\u00e1lisis busca identificar los indicadores clave para una implementaci\u00f3n que favorezca la descongesti\u00f3n y el crecimiento de espacios verdes y urbanos, promoviendo un entorno m\u00e1s sostenible sin detrimento del transporte p\u00fablico. Para ello, se estima poder contar con datos del grupo de investigaci\u00f3n TRANSYT, de investigaci\u00f3n del transporte de la UPM-Caminos.<\/p>\n<\/div>\n<\/div>\n<\/div>\n<\/div><\/div><style type=\"text\/css\">.fusion-body .fusion-builder-column-0{width:100% !important;margin-top : 0px;margin-bottom : 20px;}.fusion-builder-column-0 > .fusion-column-wrapper {padding-top : 0px !important;padding-right : 0px !important;margin-right : 1.92%;padding-bottom : 0px !important;padding-left : 0px !important;margin-left : 1.92%;}@media only screen and (max-width:1024px) {.fusion-body .fusion-builder-column-0{width:100% !important;order : 0;}.fusion-builder-column-0 > .fusion-column-wrapper {margin-right : 1.92%;margin-left : 1.92%;}}@media only screen and (max-width:640px) {.fusion-body .fusion-builder-column-0{width:100% !important;order : 0;}.fusion-builder-column-0 > .fusion-column-wrapper {margin-right : 1.92%;margin-left : 1.92%;}}<\/style><\/div><\/div><style type=\"text\/css\">.fusion-body .fusion-flex-container.fusion-builder-row-1{ padding-top : 0px;margin-top : 0px;padding-right : 0px;padding-bottom : 0px;margin-bottom : 0px;padding-left : 0px;}<\/style><\/div>\n","protected":false},"excerpt":{"rendered":"","protected":false},"author":1,"featured_media":0,"parent":44,"menu_order":0,"comment_status":"closed","ping_status":"closed","template":"","meta":[],"yoast_head":"<!-- This site is optimized with the Yoast SEO plugin v19.0 - https:\/\/yoast.com\/wordpress\/plugins\/seo\/ -->\n<title>Problema 1: Impacto del aparcamiento compartido en el urbanismo de las ciudades (The Basement) - 184esgi<\/title>\n<meta name=\"robots\" content=\"index, follow, max-snippet:-1, max-image-preview:large, max-video-preview:-1\" \/>\n<link rel=\"canonical\" href=\"https:\/\/math-in.net\/184esgi\/programa\/problema-1\/\" \/>\n<meta property=\"og:locale\" content=\"es_ES\" \/>\n<meta property=\"og:type\" content=\"article\" \/>\n<meta property=\"og:title\" content=\"Problema 1: Impacto del aparcamiento compartido en el urbanismo de las ciudades (The Basement) - 184esgi\" \/>\n<meta property=\"og:url\" content=\"https:\/\/math-in.net\/184esgi\/programa\/problema-1\/\" \/>\n<meta property=\"og:site_name\" content=\"184esgi\" \/>\n<meta property=\"article:modified_time\" content=\"2024-11-01T10:39:50+00:00\" \/>\n<meta property=\"og:image\" content=\"http:\/\/www.math-in.net\/163esgi\/sites\/math-in.net.163esgi\/files\/logo_Repsol.png\" \/>\n<meta name=\"twitter:card\" content=\"summary_large_image\" \/>\n<meta name=\"twitter:label1\" content=\"Tiempo de lectura\" \/>\n\t<meta name=\"twitter:data1\" content=\"6 minutos\" \/>\n<script type=\"application\/ld+json\" class=\"yoast-schema-graph\">{\"@context\":\"https:\/\/schema.org\",\"@graph\":[{\"@type\":\"WebSite\",\"@id\":\"https:\/\/math-in.net\/184esgi\/#website\",\"url\":\"https:\/\/math-in.net\/184esgi\/\",\"name\":\"184esgi\",\"description\":\"Otro sitio m\u00e1s de math-in sitios\",\"potentialAction\":[{\"@type\":\"SearchAction\",\"target\":{\"@type\":\"EntryPoint\",\"urlTemplate\":\"https:\/\/math-in.net\/184esgi\/?s={search_term_string}\"},\"query-input\":\"required name=search_term_string\"}],\"inLanguage\":\"es\"},{\"@type\":\"ImageObject\",\"inLanguage\":\"es\",\"@id\":\"https:\/\/math-in.net\/184esgi\/programa\/problema-1\/#primaryimage\",\"url\":\"http:\/\/www.math-in.net\/163esgi\/sites\/math-in.net.163esgi\/files\/logo_Repsol.png\",\"contentUrl\":\"http:\/\/www.math-in.net\/163esgi\/sites\/math-in.net.163esgi\/files\/logo_Repsol.png\"},{\"@type\":\"WebPage\",\"@id\":\"https:\/\/math-in.net\/184esgi\/programa\/problema-1\/#webpage\",\"url\":\"https:\/\/math-in.net\/184esgi\/programa\/problema-1\/\",\"name\":\"Problema 1: Impacto del aparcamiento compartido en el urbanismo de las ciudades (The Basement) - 184esgi\",\"isPartOf\":{\"@id\":\"https:\/\/math-in.net\/184esgi\/#website\"},\"primaryImageOfPage\":{\"@id\":\"https:\/\/math-in.net\/184esgi\/programa\/problema-1\/#primaryimage\"},\"datePublished\":\"2022-06-16T14:34:59+00:00\",\"dateModified\":\"2024-11-01T10:39:50+00:00\",\"breadcrumb\":{\"@id\":\"https:\/\/math-in.net\/184esgi\/programa\/problema-1\/#breadcrumb\"},\"inLanguage\":\"es\",\"potentialAction\":[{\"@type\":\"ReadAction\",\"target\":[\"https:\/\/math-in.net\/184esgi\/programa\/problema-1\/\"]}]},{\"@type\":\"BreadcrumbList\",\"@id\":\"https:\/\/math-in.net\/184esgi\/programa\/problema-1\/#breadcrumb\",\"itemListElement\":[{\"@type\":\"ListItem\",\"position\":1,\"name\":\"Portada\",\"item\":\"https:\/\/math-in.net\/184esgi\/\"},{\"@type\":\"ListItem\",\"position\":2,\"name\":\"Programa\",\"item\":\"https:\/\/math-in.net\/184esgi\/programa\/\"},{\"@type\":\"ListItem\",\"position\":3,\"name\":\"Problema 1: Impacto del aparcamiento compartido en el urbanismo de las ciudades (The Basement)\"}]}]}<\/script>\n<!-- \/ Yoast SEO plugin. -->","yoast_head_json":{"title":"Problema 1: Impacto del aparcamiento compartido en el urbanismo de las ciudades (The Basement) - 184esgi","robots":{"index":"index","follow":"follow","max-snippet":"max-snippet:-1","max-image-preview":"max-image-preview:large","max-video-preview":"max-video-preview:-1"},"canonical":"https:\/\/math-in.net\/184esgi\/programa\/problema-1\/","og_locale":"es_ES","og_type":"article","og_title":"Problema 1: Impacto del aparcamiento compartido en el urbanismo de las ciudades (The Basement) - 184esgi","og_url":"https:\/\/math-in.net\/184esgi\/programa\/problema-1\/","og_site_name":"184esgi","article_modified_time":"2024-11-01T10:39:50+00:00","og_image":[{"url":"http:\/\/www.math-in.net\/163esgi\/sites\/math-in.net.163esgi\/files\/logo_Repsol.png"}],"twitter_card":"summary_large_image","twitter_misc":{"Tiempo de lectura":"6 minutos"},"schema":{"@context":"https:\/\/schema.org","@graph":[{"@type":"WebSite","@id":"https:\/\/math-in.net\/184esgi\/#website","url":"https:\/\/math-in.net\/184esgi\/","name":"184esgi","description":"Otro sitio m\u00e1s de math-in sitios","potentialAction":[{"@type":"SearchAction","target":{"@type":"EntryPoint","urlTemplate":"https:\/\/math-in.net\/184esgi\/?s={search_term_string}"},"query-input":"required name=search_term_string"}],"inLanguage":"es"},{"@type":"ImageObject","inLanguage":"es","@id":"https:\/\/math-in.net\/184esgi\/programa\/problema-1\/#primaryimage","url":"http:\/\/www.math-in.net\/163esgi\/sites\/math-in.net.163esgi\/files\/logo_Repsol.png","contentUrl":"http:\/\/www.math-in.net\/163esgi\/sites\/math-in.net.163esgi\/files\/logo_Repsol.png"},{"@type":"WebPage","@id":"https:\/\/math-in.net\/184esgi\/programa\/problema-1\/#webpage","url":"https:\/\/math-in.net\/184esgi\/programa\/problema-1\/","name":"Problema 1: Impacto del aparcamiento compartido en el urbanismo de las ciudades (The Basement) - 184esgi","isPartOf":{"@id":"https:\/\/math-in.net\/184esgi\/#website"},"primaryImageOfPage":{"@id":"https:\/\/math-in.net\/184esgi\/programa\/problema-1\/#primaryimage"},"datePublished":"2022-06-16T14:34:59+00:00","dateModified":"2024-11-01T10:39:50+00:00","breadcrumb":{"@id":"https:\/\/math-in.net\/184esgi\/programa\/problema-1\/#breadcrumb"},"inLanguage":"es","potentialAction":[{"@type":"ReadAction","target":["https:\/\/math-in.net\/184esgi\/programa\/problema-1\/"]}]},{"@type":"BreadcrumbList","@id":"https:\/\/math-in.net\/184esgi\/programa\/problema-1\/#breadcrumb","itemListElement":[{"@type":"ListItem","position":1,"name":"Portada","item":"https:\/\/math-in.net\/184esgi\/"},{"@type":"ListItem","position":2,"name":"Programa","item":"https:\/\/math-in.net\/184esgi\/programa\/"},{"@type":"ListItem","position":3,"name":"Problema 1: Impacto del aparcamiento compartido en el urbanismo de las ciudades (The Basement)"}]}]}},"_links":{"self":[{"href":"https:\/\/math-in.net\/184esgi\/wp-json\/wp\/v2\/pages\/49"}],"collection":[{"href":"https:\/\/math-in.net\/184esgi\/wp-json\/wp\/v2\/pages"}],"about":[{"href":"https:\/\/math-in.net\/184esgi\/wp-json\/wp\/v2\/types\/page"}],"author":[{"embeddable":true,"href":"https:\/\/math-in.net\/184esgi\/wp-json\/wp\/v2\/users\/1"}],"replies":[{"embeddable":true,"href":"https:\/\/math-in.net\/184esgi\/wp-json\/wp\/v2\/comments?post=49"}],"version-history":[{"count":9,"href":"https:\/\/math-in.net\/184esgi\/wp-json\/wp\/v2\/pages\/49\/revisions"}],"predecessor-version":[{"id":415,"href":"https:\/\/math-in.net\/184esgi\/wp-json\/wp\/v2\/pages\/49\/revisions\/415"}],"up":[{"embeddable":true,"href":"https:\/\/math-in.net\/184esgi\/wp-json\/wp\/v2\/pages\/44"}],"wp:attachment":[{"href":"https:\/\/math-in.net\/184esgi\/wp-json\/wp\/v2\/media?parent=49"}],"curies":[{"name":"wp","href":"https:\/\/api.w.org\/{rel}","templated":true}]}}